Last updated on 2024-08-16 11:49:48 CEST.
Flavor | Version | Tinstall | Tcheck | Ttotal | Status | Flags |
---|---|---|---|---|---|---|
r-devel-linux-x86_64-debian-clang | 5.0.0 | 14.49 | 200.40 | 214.89 | OK | |
r-devel-linux-x86_64-debian-gcc | 5.0.0 | 10.94 | 141.29 | 152.23 | OK | |
r-devel-linux-x86_64-fedora-clang | 5.0.0 | 345.19 | NOTE | |||
r-devel-linux-x86_64-fedora-gcc | 5.0.0 | 346.16 | OK | |||
r-devel-windows-x86_64 | 5.0.0 | 18.00 | 269.00 | 287.00 | OK | |
r-patched-linux-x86_64 | 5.0.0 | 15.32 | 188.98 | 204.30 | OK | |
r-release-linux-x86_64 | 5.0.0 | 15.05 | 190.12 | 205.17 | OK | |
r-release-macos-arm64 | 5.0.0 | 103.00 | OK | |||
r-release-macos-x86_64 | 5.0.0 | 155.00 | OK | |||
r-release-windows-x86_64 | 5.0.0 | 16.00 | 208.00 | 224.00 | OK | |
r-oldrel-macos-arm64 | 5.0.0 | 98.00 | OK | |||
r-oldrel-macos-x86_64 | 5.0.0 | 231.00 | OK | |||
r-oldrel-windows-x86_64 | 5.0.0 | 25.00 | 273.00 | 298.00 | OK |
Version: 5.0.0
Check: Rd cross-references
Result: NOTE
Undeclared package ‘sp’ in Rd xrefs
Flavor: r-devel-linux-x86_64-fedora-clang