CRAN Package Check Results for Package primer

Last updated on 2021-05-11 17:47:28 CEST.

Flavor Version Tinstall Tcheck Ttotal Status Flags
r-devel-linux-x86_64-debian-clang 1.2.0 6.60 64.13 70.73 OK
r-devel-linux-x86_64-debian-gcc 1.2.0 5.16 48.47 53.63 OK
r-devel-linux-x86_64-fedora-clang 1.2.0 94.29 NOTE
r-devel-linux-x86_64-fedora-gcc 1.2.0 81.72 NOTE
r-devel-windows-ix86+x86_64 1.2.0 18.00 87.00 105.00 OK
r-devel-windows-x86_64-gcc10-UCRT 1.2.0 NOTE
r-patched-linux-x86_64 1.2.0 5.71 60.02 65.73 OK
r-patched-solaris-x86 1.2.0 118.00 NOTE
r-release-linux-x86_64 1.2.0 5.68 60.19 65.87 OK
r-release-macos-x86_64 1.2.0 NOTE
r-release-windows-ix86+x86_64 1.2.0 11.00 68.00 79.00 OK
r-oldrel-macos-x86_64 1.2.0 ERROR
r-oldrel-windows-ix86+x86_64 1.1.1 5.00 42.00 47.00 OK

Check Details

Version: 1.2.0
Check: dependencies in R code
Result: NOTE
    Namespaces in Imports field not imported from:
     ‘tidyr’ ‘utils’
     All declared Imports should be used.
Flavors: r-devel-linux-x86_64-fedora-clang, r-devel-linux-x86_64-fedora-gcc, r-devel-windows-x86_64-gcc10-UCRT, r-patched-solaris-x86, r-release-macos-x86_64

Version: 1.2.0
Check: package dependencies
Result: NOTE
    Package suggested but not available for checking: ‘rsvg’
Flavor: r-patched-solaris-x86

Version: 1.2.0
Check: whether package can be installed
Result: ERROR
    Installation failed.
Flavor: r-oldrel-macos-x86_64