Last updated on 2023-03-21 11:53:57 CET.
Flavor | Version | Tinstall | Tcheck | Ttotal | Status | Flags |
---|---|---|---|---|---|---|
r-devel-linux-x86_64-debian-clang | 1.4.0 | 75.59 | 30.80 | 106.39 | NOTE | |
r-devel-linux-x86_64-debian-gcc | 1.4.0 | 49.18 | 24.44 | 73.62 | NOTE | |
r-devel-linux-x86_64-fedora-clang | 1.4.0 | 177.42 | NOTE | |||
r-devel-linux-x86_64-fedora-gcc | 1.4.0 | 127.15 | NOTE | |||
r-patched-linux-x86_64 | 1.4.0 | 54.36 | 30.94 | 85.30 | OK | |
r-release-linux-x86_64 | 1.4.0 | 58.81 | 30.81 | 89.62 | OK | |
r-release-macos-arm64 | 1.4.0 | 37.00 | OK | |||
r-release-macos-x86_64 | 1.4.0 | 57.00 | OK | |||
r-release-windows-x86_64 | 1.4.0 | 123.00 | 82.00 | 205.00 | OK | |
r-oldrel-macos-arm64 | 1.4.0 | 46.00 | OK | |||
r-oldrel-macos-x86_64 | 1.4.0 | 62.00 | OK | |||
r-oldrel-windows-ix86+x86_64 | 1.4.0 | 172.00 | 80.00 | 252.00 | OK |
Version: 1.4.0
Check: C++ specification
Result: NOTE
Specified C++11: please drop specification unless essential
Flavors: r-devel-linux-x86_64-debian-clang, r-devel-linux-x86_64-debian-gcc, r-devel-linux-x86_64-fedora-clang, r-devel-linux-x86_64-fedora-gcc