CRAN Package Check Results for Package prioritizr

Last updated on 2019-03-20 11:52:51 CET.

Flavor Version Tinstall Tcheck Ttotal Status Flags
r-devel-linux-x86_64-debian-clang 4.0.2 289.02 384.67 673.69 NOTE
r-devel-linux-x86_64-debian-gcc 4.0.2 243.30 290.76 534.06 NOTE
r-devel-linux-x86_64-fedora-clang 4.0.2 967.55 NOTE
r-devel-linux-x86_64-fedora-gcc 4.0.2 874.07 NOTE
r-devel-windows-ix86+x86_64 4.0.2 795.00 639.00 1434.00 NOTE
r-patched-linux-x86_64 4.0.2 282.39 374.25 656.64 NOTE
r-patched-solaris-x86 4.0.2 979.50 NOTE
r-release-linux-x86_64 4.0.2 286.88 378.77 665.65 NOTE
r-release-windows-ix86+x86_64 4.0.2 775.00 627.00 1402.00 NOTE
r-release-osx-x86_64 4.0.2 NOTE
r-oldrel-windows-ix86+x86_64 4.0.2 856.00 894.00 1750.00 ERROR
r-oldrel-osx-x86_64 4.0.2 NOTE

Check Details

Version: 4.0.2
Check: package dependencies
Result: NOTE
    Package suggested but not available for checking: 'gurobi'
Flavors: r-devel-linux-x86_64-debian-clang, r-devel-linux-x86_64-debian-gcc, r-devel-linux-x86_64-fedora-clang, r-devel-linux-x86_64-fedora-gcc, r-devel-windows-ix86+x86_64, r-patched-linux-x86_64, r-release-linux-x86_64, r-release-windows-ix86+x86_64, r-oldrel-windows-ix86+x86_64

Version: 4.0.2
Check: installed package size
Result: NOTE
     installed size is 5.6Mb
     sub-directories of 1Mb or more:
     doc 1.2Mb
     libs 2.6Mb
Flavors: r-devel-windows-ix86+x86_64, r-release-windows-ix86+x86_64, r-oldrel-windows-ix86+x86_64

Version: 4.0.2
Check: package dependencies
Result: NOTE
    Packages suggested but not available for checking:
     ‘gurobi’ ‘lpsymphony’ ‘Rsymphony’
Flavors: r-patched-solaris-x86, r-release-osx-x86_64, r-oldrel-osx-x86_64

Version: 4.0.2
Check: running examples for arch ‘i386’
Result: ERROR
    Running examples in 'prioritizr-Ex.R' failed
    The error most likely occurred in:
    
    > ### Name: rij_matrix
    > ### Title: Feature by planning unit matrix
    > ### Aliases: rij_matrix rij_matrix,Raster,Raster-method
    > ### rij_matrix,Spatial,Raster-method rij_matrix rij_matrix
    >
    > ### ** Examples
    >
    > # load data
    > data(sim_pu_raster, sim_pu_polygons, sim_pu_zones_stack)
    >
    > # create rij matrix using raster layer planning units
    > rij_raster <- rij_matrix(sim_pu_raster, sim_features)
    > print(rij_raster)
    5 x 90 sparse Matrix of class "dgCMatrix"
    Error in isFALSE(suppRows) : could not find function "isFALSE"
    Calls: print -> print -> .local
    Execution halted
Flavor: r-oldrel-windows-ix86+x86_64

Version: 4.0.2
Check: running examples for arch ‘x64’
Result: ERROR
    Running examples in 'prioritizr-Ex.R' failed
    The error most likely occurred in:
    
    > ### Name: rij_matrix
    > ### Title: Feature by planning unit matrix
    > ### Aliases: rij_matrix rij_matrix,Raster,Raster-method
    > ### rij_matrix,Spatial,Raster-method rij_matrix rij_matrix
    >
    > ### ** Examples
    >
    > # load data
    > data(sim_pu_raster, sim_pu_polygons, sim_pu_zones_stack)
    >
    > # create rij matrix using raster layer planning units
    > rij_raster <- rij_matrix(sim_pu_raster, sim_features)
    > print(rij_raster)
    5 x 90 sparse Matrix of class "dgCMatrix"
    Error in isFALSE(suppRows) : could not find function "isFALSE"
    Calls: print -> print -> .local
    Execution halted
Flavor: r-oldrel-windows-ix86+x86_64