CRAN Package Check Results for Package prioritizr

Last updated on 2019-05-20 22:53:46 CEST.

Flavor Version Tinstall Tcheck Ttotal Status Flags
r-devel-linux-x86_64-debian-clang 4.0.4 297.73 390.99 688.72 NOTE
r-devel-linux-x86_64-debian-gcc 4.0.4 245.53 293.95 539.48 NOTE
r-devel-linux-x86_64-fedora-clang 4.0.4 992.36 NOTE
r-devel-linux-x86_64-fedora-gcc 4.0.4 891.39 NOTE
r-devel-windows-ix86+x86_64 4.0.4 872.00 930.00 1802.00 NOTE
r-patched-linux-x86_64 4.0.4 292.81 383.60 676.41 NOTE
r-patched-solaris-x86 4.0.4 1014.10 ERROR
r-release-linux-x86_64 4.0.4 298.59 377.15 675.74 NOTE
r-release-windows-ix86+x86_64 4.0.4 831.00 929.00 1760.00 NOTE
r-release-osx-x86_64 4.0.4 ERROR
r-oldrel-windows-ix86+x86_64 4.0.4 578.00 637.00 1215.00 NOTE
r-oldrel-osx-x86_64 4.0.4 ERROR

Check Details

Version: 4.0.4
Check: package dependencies
Result: NOTE
    Package suggested but not available for checking: 'gurobi'
Flavors: r-devel-linux-x86_64-debian-clang, r-devel-linux-x86_64-debian-gcc, r-devel-linux-x86_64-fedora-clang, r-devel-linux-x86_64-fedora-gcc, r-devel-windows-ix86+x86_64, r-patched-linux-x86_64, r-release-linux-x86_64, r-release-windows-ix86+x86_64, r-oldrel-windows-ix86+x86_64

Version: 4.0.4
Check: installed package size
Result: NOTE
     installed size is 14.6Mb
     sub-directories of 1Mb or more:
     doc 1.2Mb
     libs 11.6Mb
Flavors: r-devel-linux-x86_64-fedora-clang, r-devel-windows-ix86+x86_64, r-release-windows-ix86+x86_64, r-release-osx-x86_64, r-oldrel-windows-ix86+x86_64, r-oldrel-osx-x86_64

Version: 4.0.4
Check: package dependencies
Result: NOTE
    Packages suggested but not available for checking:
     'gurobi', 'lpsymphony', 'Rsymphony'
Flavors: r-patched-solaris-x86, r-release-osx-x86_64

Version: 4.0.4
Check: tests
Result: ERROR
     Running ‘testthat.R’ [325s/399s]
    Running the tests in ‘tests/testthat.R’ failed.
    Complete output:
     > # load packages
     > library(testthat)
     > library(prioritizr)
     Loading required package: raster
     Loading required package: sp
     Loading required package: proto
     >
     > # load solver packages
     > require(gurobi)
     Loading required package: gurobi
     Warning message:
     In library(package, lib.loc = lib.loc, character.only = TRUE, logical.return = TRUE, :
     there is no package called 'gurobi'
     > require(lpsymphony)
     Loading required package: lpsymphony
     Warning message:
     In library(package, lib.loc = lib.loc, character.only = TRUE, logical.return = TRUE, :
     there is no package called 'lpsymphony'
     > require(Rsymphony)
     Loading required package: Rsymphony
     Warning message:
     In library(package, lib.loc = lib.loc, character.only = TRUE, logical.return = TRUE, :
     there is no package called 'Rsymphony'
     >
     > # enable parallel testing
     > Sys.unsetenv("R_TESTS")
     >
     > # run tests
     > test_check("prioritizr")
     list()
     attr(,"class")
     [1] "Waiver"
     Error in x$.self$finalize() : attempt to apply non-function
     Error in x$.self$finalize() : attempt to apply non-function
     Error in x$.self$finalize() : attempt to apply non-function
     Error in x$.self$finalize() : attempt to apply non-function
     ── 1. Error: get parameter methods (@test_problem.R#821) ──────────────────────
     parameter with matching name not found
     1: x$solver$parameters$find("gap") at testthat/test_problem.R:821
     2: res(x, ...)
     3: stop("parameter with matching name not found")
    
     ── 2. Error: set parameter methods (@test_problem.R#844) ──────────────────────
     parameter with matching name not found
     1: x$solver$parameters$find("gap") at testthat/test_problem.R:844
     2: res(x, ...)
     3: stop("parameter with matching name not found")
    
     ── 3. Error: render parameter methods (@test_problem.R#880) ───────────────────
     parameter with matching name not found
     1: x$solver$parameters$find("gap") at testthat/test_problem.R:880
     2: res(x, ...)
     3: stop("parameter with matching name not found")
    
     ..
     ..
     ..
     ══ testthat results ═══════════════════════════════════════════════════════════
     OK: 11583 SKIPPED: 117 WARNINGS: 0 FAILED: 3
     1. Error: get parameter methods (@test_problem.R#821)
     2. Error: set parameter methods (@test_problem.R#844)
     3. Error: render parameter methods (@test_problem.R#880)
    
     Error: testthat unit tests failed
     Execution halted
Flavor: r-patched-solaris-x86

Version: 4.0.4
Check: tests
Result: ERROR
     Running ‘testthat.R’ [198s/317s]
    Running the tests in ‘tests/testthat.R’ failed.
    Last 13 lines of output:
     1: x$solver$parameters$find("gap") at testthat/test_problem.R:880
     2: res(x, ...)
     3: stop("parameter with matching name not found")
    
     ..
     ..
     ..
     ══ testthat results ═══════════════════════════════════════════════════════════
     OK: 11583 SKIPPED: 117 FAILED: 3
     1. Error: get parameter methods (@test_problem.R#821)
     2. Error: set parameter methods (@test_problem.R#844)
     3. Error: render parameter methods (@test_problem.R#880)
    
     Error: testthat unit tests failed
     Execution halted
Flavor: r-release-osx-x86_64

Version: 4.0.4
Check: package dependencies
Result: NOTE
    Packages suggested but not available for checking:
     ‘gurobi’ ‘lpsymphony’ ‘Rsymphony’
Flavor: r-oldrel-osx-x86_64

Version: 4.0.4
Check: tests
Result: ERROR
     Running ‘testthat.R’ [146s/159s]
    Running the tests in ‘tests/testthat.R’ failed.
    Last 13 lines of output:
     1: x$solver$parameters$find("gap") at testthat/test_problem.R:880
     2: res(x, ...)
     3: stop("parameter with matching name not found")
    
     ..
     ..
     ..
     ══ testthat results ═══════════════════════════════════════════════════════════
     OK: 11583 SKIPPED: 117 WARNINGS: 0 FAILED: 3
     1. Error: get parameter methods (@test_problem.R#821)
     2. Error: set parameter methods (@test_problem.R#844)
     3. Error: render parameter methods (@test_problem.R#880)
    
     Error: testthat unit tests failed
     Execution halted
Flavor: r-oldrel-osx-x86_64