CRAN Package Check Results for Package prioritylasso

Last updated on 2022-09-27 11:51:22 CEST.

Flavor Version Tinstall Tcheck Ttotal Status Flags
r-devel-linux-x86_64-debian-clang 0.2.5 8.87 215.80 224.67 OK
r-devel-linux-x86_64-debian-gcc 0.2.5 8.28 159.30 167.58 OK
r-devel-linux-x86_64-fedora-clang 0.2.5 279.14 NOTE
r-devel-linux-x86_64-fedora-gcc 0.2.5 270.20 OK
r-devel-windows-x86_64 0.2.5 24.00 226.00 250.00 OK
r-patched-linux-x86_64 0.2.5 10.05 206.61 216.66 OK
r-release-linux-x86_64 0.2.5 9.09 206.96 216.05 OK
r-release-macos-arm64 0.2.5 75.00 OK
r-release-macos-x86_64 0.2.5 98.00 OK
r-release-windows-x86_64 0.2.5 18.00 237.00 255.00 OK
r-oldrel-macos-arm64 0.2.5 88.00 OK
r-oldrel-macos-x86_64 0.2.5 154.00 OK
r-oldrel-windows-ix86+x86_64 0.2.5 21.00 248.00 269.00 OK

Check Details

Version: 0.2.5
Check: Rd cross-references
Result: NOTE
    Undeclared packages ‘ipflasso’, ‘mvtnorm’ in Rd xrefs
Flavor: r-devel-linux-x86_64-fedora-clang