Last updated on 2025-01-16 06:49:23 CET.
Flavor | Version | Tinstall | Tcheck | Ttotal | Status | Flags |
---|---|---|---|---|---|---|
r-devel-linux-x86_64-debian-clang | 1.0.4 | 6.59 | 382.34 | 388.93 | OK | |
r-devel-linux-x86_64-debian-gcc | 1.0.4 | 4.90 | 341.90 | 346.80 | OK | |
r-devel-linux-x86_64-fedora-clang | 1.0.4 | 559.45 | OK | |||
r-devel-linux-x86_64-fedora-gcc | 1.0.4 | 818.18 | OK | |||
r-devel-windows-x86_64 | 1.0.4 | 11.00 | 351.00 | 362.00 | OK | |
r-patched-linux-x86_64 | 1.0.4 | 7.10 | 465.95 | 473.05 | NOTE | |
r-release-linux-x86_64 | 1.0.4 | 6.48 | 456.32 | 462.80 | NOTE | |
r-release-macos-arm64 | 1.0.4 | 169.00 | NOTE | |||
r-release-macos-x86_64 | 1.0.4 | 252.00 | NOTE | |||
r-release-windows-x86_64 | 1.0.4 | 9.00 | 349.00 | 358.00 | NOTE | |
r-oldrel-macos-arm64 | 1.0.4 | 158.00 | NOTE | |||
r-oldrel-macos-x86_64 | 1.0.4 | 280.00 | NOTE | |||
r-oldrel-windows-x86_64 | 1.0.4 | 10.00 | 431.00 | 441.00 | NOTE |
Version: 1.0.4
Check: package dependencies
Result: NOTE
Packages suggested but not available for checking: 'cmdstanr', 'iwmm'
Flavors: r-patched-linux-x86_64, r-release-linux-x86_64, r-release-macos-arm64, r-release-macos-x86_64, r-release-windows-x86_64, r-oldrel-macos-arm64, r-oldrel-macos-x86_64, r-oldrel-windows-x86_64