Last updated on 2023-06-07 12:00:44 CEST.
Flavor | Version | Tinstall | Tcheck | Ttotal | Status | Flags |
---|---|---|---|---|---|---|
r-devel-linux-x86_64-debian-clang | 1.1.1 | 250.86 | 266.42 | 517.28 | OK | |
r-devel-linux-x86_64-debian-gcc | 1.1.1 | 183.21 | 519.78 | 702.99 | OK | |
r-devel-linux-x86_64-fedora-clang | 1.1.1 | 594.09 | OK | |||
r-devel-linux-x86_64-fedora-gcc | 1.1.1 | 716.40 | OK | |||
r-devel-windows-x86_64 | 1.1.1 | 40.00 | 166.00 | 206.00 | OK | |
r-patched-linux-x86_64 | 1.1.1 | 212.47 | 393.75 | 606.22 | OK | |
r-release-linux-x86_64 | 1.1.1 | 206.43 | 353.88 | 560.31 | OK | |
r-release-macos-arm64 | 1.1.1 | 101.00 | NOTE | |||
r-release-macos-x86_64 | 1.1.1 | 171.00 | NOTE | |||
r-release-windows-x86_64 | 1.1.1 | 55.00 | 192.00 | 247.00 | OK | |
r-oldrel-macos-arm64 | 1.1.1 | 91.00 | NOTE | |||
r-oldrel-macos-x86_64 | 1.1.1 | 121.00 | NOTE | |||
r-oldrel-windows-x86_64 | 1.1.1 | 51.00 | 192.00 | 243.00 | OK |
Version: 1.1.1
Check: installed package size
Result: NOTE
installed size is 13.7Mb
sub-directories of 1Mb or more:
libs 13.0Mb
Flavors: r-release-macos-arm64, r-release-macos-x86_64, r-oldrel-macos-arm64, r-oldrel-macos-x86_64