Last updated on 2024-08-16 11:49:48 CEST.
Flavor | Version | Tinstall | Tcheck | Ttotal | Status | Flags |
---|---|---|---|---|---|---|
r-devel-linux-x86_64-debian-clang | 1.9.1.0 | 1017.98 | 142.72 | 1160.70 | NOTE | |
r-devel-linux-x86_64-debian-gcc | 1.9.1.0 | 926.43 | 177.80 | 1104.23 | NOTE | |
r-devel-linux-x86_64-fedora-clang | 1.9.1.0 | 1753.91 | NOTE | |||
r-devel-linux-x86_64-fedora-gcc | 1.9.1.0 | 2690.31 | NOTE | |||
r-devel-windows-x86_64 | 1.9.1.0 | 949.00 | 227.00 | 1176.00 | NOTE | |
r-patched-linux-x86_64 | 1.9.1.0 | 1215.00 | 237.04 | 1452.04 | NOTE | |
r-release-linux-x86_64 | 1.9.1.0 | 1201.11 | 239.70 | 1440.81 | NOTE | |
r-release-macos-arm64 | 1.9.1.0 | 430.00 | NOTE | |||
r-release-macos-x86_64 | 1.9.1.0 | 450.00 | NOTE | |||
r-release-windows-x86_64 | 1.9.1.0 | 968.00 | 227.00 | 1195.00 | NOTE | |
r-oldrel-macos-arm64 | 1.9.1.0 | 663.00 | NOTE | |||
r-oldrel-macos-x86_64 | 1.9.1.0 | 672.00 | NOTE | |||
r-oldrel-windows-x86_64 | 1.9.1.0 | 1261.00 | 295.00 | 1556.00 | NOTE |
Version: 1.9.1.0
Check: for GNU extensions in Makefiles
Result: NOTE
GNU make is a SystemRequirements.
Flavors: r-devel-linux-x86_64-debian-clang, r-devel-linux-x86_64-debian-gcc, r-devel-linux-x86_64-fedora-clang, r-devel-linux-x86_64-fedora-gcc, r-devel-windows-x86_64, r-patched-linux-x86_64, r-release-linux-x86_64, r-release-macos-arm64, r-release-macos-x86_64, r-release-windows-x86_64, r-oldrel-macos-arm64, r-oldrel-macos-x86_64, r-oldrel-windows-x86_64
Version: 1.9.1.0
Check: installed package size
Result: NOTE
installed size is 10.7Mb
sub-directories of 1Mb or more:
libs 10.3Mb
Flavors: r-devel-linux-x86_64-fedora-clang, r-devel-windows-x86_64, r-release-macos-arm64, r-release-macos-x86_64, r-release-windows-x86_64, r-oldrel-macos-arm64, r-oldrel-macos-x86_64, r-oldrel-windows-x86_64
Version: 1.9.1.0
Check: dependencies in R code
Result: NOTE
Namespace in Imports field not imported from: ‘RcppParallel’
All declared Imports should be used.
Flavors: r-devel-linux-x86_64-fedora-clang, r-devel-linux-x86_64-fedora-gcc