CRAN Package Check Results for Package promises

Last updated on 2022-05-22 17:50:49 CEST.

Flavor Version Tinstall Tcheck Ttotal Status Flags
r-devel-linux-x86_64-debian-clang 1.2.0.1 21.80 62.01 83.81 NOTE
r-devel-linux-x86_64-debian-gcc 1.2.0.1 18.04 47.42 65.46 NOTE
r-devel-linux-x86_64-fedora-clang 1.2.0.1 109.37 NOTE
r-devel-linux-x86_64-fedora-gcc 1.2.0.1 99.56 NOTE
r-devel-windows-x86_64 1.2.0.1 65.00 131.00 196.00 NOTE
r-patched-linux-x86_64 1.2.0.1 18.62 59.58 78.20 NOTE
r-release-linux-x86_64 1.2.0.1 18.99 58.73 77.72 NOTE
r-release-macos-arm64 1.2.0.1 45.00 NOTE
r-release-macos-x86_64 1.2.0.1 56.00 NOTE
r-release-windows-x86_64 1.2.0.1 65.00 132.00 197.00 NOTE
r-oldrel-macos-arm64 1.2.0.1 46.00 NOTE
r-oldrel-macos-x86_64 1.2.0.1 73.00 NOTE
r-oldrel-windows-ix86+x86_64 1.2.0.1 55.00 126.00 181.00 NOTE

Check Details

Version: 1.2.0.1
Check: LazyData
Result: NOTE
     'LazyData' is specified without a 'data' directory
Flavors: r-devel-linux-x86_64-debian-clang, r-devel-linux-x86_64-debian-gcc, r-devel-linux-x86_64-fedora-clang, r-devel-linux-x86_64-fedora-gcc, r-devel-windows-x86_64, r-patched-linux-x86_64, r-release-linux-x86_64, r-release-macos-arm64, r-release-macos-x86_64, r-release-windows-x86_64, r-oldrel-macos-arm64, r-oldrel-macos-x86_64, r-oldrel-windows-ix86+x86_64