Last updated on 2024-04-24 06:19:24 CEST.
Flavor | Version | Tinstall | Tcheck | Ttotal | Status | Flags |
---|---|---|---|---|---|---|
r-devel-linux-x86_64-debian-clang | 1.0 | 156.47 | 351.16 | 507.63 | NOTE | |
r-devel-linux-x86_64-debian-gcc | 1.0 | 158.81 | 292.31 | 451.12 | NOTE | |
r-devel-linux-x86_64-fedora-clang | 1.0 | 644.73 | NOTE | |||
r-devel-linux-x86_64-fedora-gcc | 1.0 | 751.12 | NOTE | |||
r-prerel-macos-arm64 | 1.0 | 160.00 | NOTE | |||
r-prerel-windows-x86_64 | 1.0 | 141.00 | 236.00 | 377.00 | NOTE | |
r-patched-linux-x86_64 | 1.0 | 0.01 | 2.69 | 2.70 | ERROR | |
r-release-linux-x86_64 | 1.0 | 0.02 | 2.41 | 2.43 | ERROR | |
r-release-macos-arm64 | 1.0 | 219.00 | NOTE | |||
r-release-macos-x86_64 | 1.0 | 361.00 | NOTE | |||
r-release-windows-x86_64 | 1.0 | 183.00 | 309.00 | 492.00 | NOTE | |
r-oldrel-macos-arm64 | 1.0 | 177.00 | NOTE | |||
r-oldrel-windows-x86_64 | 1.0 | 175.00 | 280.00 | 455.00 | NOTE |
Version: 1.0
Check: for GNU extensions in Makefiles
Result: NOTE
GNU make is a SystemRequirements.
Flavors: r-devel-linux-x86_64-debian-clang, r-devel-linux-x86_64-debian-gcc, r-devel-linux-x86_64-fedora-clang, r-devel-linux-x86_64-fedora-gcc, r-prerel-macos-arm64, r-prerel-windows-x86_64, r-release-macos-arm64, r-release-macos-x86_64, r-release-windows-x86_64, r-oldrel-macos-arm64, r-oldrel-windows-x86_64
Version: 1.0
Check: dependencies in R code
Result: NOTE
Namespaces in Imports field not imported from:
‘StanHeaders’ ‘methods’ ‘rstantools’
All declared Imports should be used.
Flavors: r-devel-linux-x86_64-fedora-clang, r-devel-linux-x86_64-fedora-gcc, r-oldrel-macos-arm64
Version: 1.0
Check: installed package size
Result: NOTE
installed size is 49.4Mb
sub-directories of 1Mb or more:
libs 48.7Mb
Flavors: r-prerel-macos-arm64, r-release-macos-arm64, r-release-macos-x86_64, r-oldrel-macos-arm64
Version: 1.0
Check: whether package can be installed
Result: ERROR
Installation failed.
Flavors: r-patched-linux-x86_64, r-release-linux-x86_64