CRAN Package Check Results for Package protViz

Last updated on 2019-07-16 00:15:00 CEST.

Flavor Version Tinstall Tcheck Ttotal Status Flags
r-devel-linux-x86_64-debian-clang 0.4.0 42.55 77.76 120.31 NOTE
r-devel-linux-x86_64-debian-gcc 0.4.0 33.72 62.00 95.72 NOTE
r-devel-linux-x86_64-fedora-clang 0.4.0 167.69 NOTE
r-devel-linux-x86_64-fedora-gcc 0.4.0 152.27 NOTE
r-devel-windows-ix86+x86_64 0.4.0 132.00 127.00 259.00 OK
r-patched-linux-x86_64 0.4.0 39.52 78.44 117.96 OK
r-patched-solaris-x86 0.4.0 199.70 OK
r-release-linux-x86_64 0.4.0 40.82 78.43 119.25 OK
r-release-windows-ix86+x86_64 0.4.0 96.00 196.00 292.00 OK
r-release-osx-x86_64 0.4.0 NOTE
r-oldrel-windows-ix86+x86_64 0.4.0 122.00 127.00 249.00 OK
r-oldrel-osx-x86_64 0.4.0 NOTE

Check Details

Version: 0.4.0
Check: for non-standard things in the check directory
Result: NOTE
    Found the following files/directories:
     'HexNAc_PTM_markerFinder.csv'
Flavors: r-devel-linux-x86_64-debian-clang, r-devel-linux-x86_64-debian-gcc, r-devel-linux-x86_64-fedora-clang, r-devel-linux-x86_64-fedora-gcc

Version: 0.4.0
Check: installed package size
Result: NOTE
     installed size is 5.9Mb
     sub-directories of 1Mb or more:
     data 2.1Mb
     libs 2.9Mb
Flavors: r-devel-linux-x86_64-fedora-clang, r-release-osx-x86_64, r-oldrel-osx-x86_64