CRAN Package Check Results for Package prototest

Last updated on 2019-07-16 05:48:27 CEST.

Flavor Version Tinstall Tcheck Ttotal Status Flags
r-devel-linux-x86_64-debian-clang 1.2 67.39 81.81 149.20 OK
r-devel-linux-x86_64-debian-gcc 1.2 52.52 64.96 117.48 OK
r-devel-linux-x86_64-fedora-clang 1.2 200.80 NOTE
r-devel-linux-x86_64-fedora-gcc 1.2 194.11 NOTE
r-devel-windows-ix86+x86_64 1.2 166.00 140.00 306.00 OK
r-patched-linux-x86_64 1.2 62.54 81.72 144.26 OK
r-patched-solaris-x86 1.2 236.90 OK
r-release-linux-x86_64 1.2 61.35 81.94 143.29 OK
r-release-windows-ix86+x86_64 1.2 118.00 193.00 311.00 OK
r-release-osx-x86_64 1.2 OK
r-oldrel-windows-ix86+x86_64 1.2 157.00 128.00 285.00 OK
r-oldrel-osx-x86_64 1.2 OK

Check Details

Version: 1.2
Check: compiled code
Result: NOTE
    File ‘prototest/libs/prototest.so’:
     Found no calls to: ‘R_registerRoutines’, ‘R_useDynamicSymbols’
    
    It is good practice to register native routines and to disable symbol
    search.
    
    See ‘Writing portable packages’ in the ‘Writing R Extensions’ manual.
Flavors: r-devel-linux-x86_64-fedora-clang, r-devel-linux-x86_64-fedora-gcc