CRAN Package Check Results for Package proustr

Last updated on 2019-06-16 22:49:35 CEST.

Flavor Version Tinstall Tcheck Ttotal Status Flags
r-devel-linux-x86_64-debian-clang 0.4.0 5.69 41.34 47.03 OK
r-devel-linux-x86_64-debian-gcc 0.4.0 5.02 33.22 38.24 OK
r-devel-linux-x86_64-fedora-clang 0.4.0 62.91 NOTE
r-devel-linux-x86_64-fedora-gcc 0.4.0 60.51 NOTE
r-devel-windows-ix86+x86_64 0.4.0 17.00 81.00 98.00 OK
r-patched-linux-x86_64 0.4.0 5.79 41.14 46.93 OK
r-patched-solaris-x86 0.4.0 116.50 NOTE
r-release-linux-x86_64 0.4.0 5.04 40.99 46.03 OK
r-release-windows-ix86+x86_64 0.4.0 11.00 92.00 103.00 OK
r-release-osx-x86_64 0.4.0 NOTE
r-oldrel-windows-ix86+x86_64 0.4.0 7.00 86.00 93.00 OK
r-oldrel-osx-x86_64 0.4.0 NOTE

Check Details

Version: 0.4.0
Check: data for non-ASCII characters
Result: NOTE
     Note: found 12717 marked UTF-8 strings
Flavors: r-devel-linux-x86_64-fedora-clang, r-devel-linux-x86_64-fedora-gcc, r-patched-solaris-x86, r-release-osx-x86_64, r-oldrel-osx-x86_64