CRAN Package Check Results for Package provViz

Last updated on 2022-06-30 17:49:53 CEST.

Flavor Version Tinstall Tcheck Ttotal Status Flags
r-devel-linux-x86_64-debian-clang 1.0.8 2.39 20.33 22.72 NOTE
r-devel-linux-x86_64-debian-gcc 1.0.8 1.83 15.96 17.79 NOTE
r-devel-linux-x86_64-fedora-clang 1.0.8 38.65 NOTE
r-devel-linux-x86_64-fedora-gcc 1.0.8 38.22 NOTE
r-devel-windows-x86_64 1.0.8 14.00 45.00 59.00 NOTE
r-patched-linux-x86_64 1.0.8 1.76 19.89 21.65 NOTE
r-release-linux-x86_64 1.0.8 1.97 19.67 21.64 NOTE
r-release-macos-arm64 1.0.8 13.00 NOTE
r-release-macos-x86_64 1.0.8 19.00 NOTE
r-release-windows-x86_64 1.0.8 7.00 46.00 53.00 NOTE
r-oldrel-macos-arm64 1.0.8 11.00 NOTE
r-oldrel-macos-x86_64 1.0.8 18.00 NOTE
r-oldrel-windows-ix86+x86_64 1.0.8 5.00 35.00 40.00 NOTE

Check Details

Version: 1.0.8
Check: package dependencies
Result: NOTE
    Packages suggested but not available for checking: 'rdt', 'rdtLite'
Flavors: r-devel-linux-x86_64-debian-clang, r-devel-linux-x86_64-debian-gcc, r-devel-linux-x86_64-fedora-clang, r-devel-linux-x86_64-fedora-gcc, r-patched-linux-x86_64, r-release-linux-x86_64, r-release-macos-x86_64

Version: 1.0.8
Check: package dependencies
Result: NOTE
    Package suggested but not available for checking: 'rdt'
Flavors: r-devel-windows-x86_64, r-release-macos-arm64, r-release-windows-x86_64, r-oldrel-macos-arm64, r-oldrel-macos-x86_64, r-oldrel-windows-ix86+x86_64