Last updated on 2023-02-01 06:56:21 CET.
Flavor | Version | Tinstall | Tcheck | Ttotal | Status | Flags |
---|---|---|---|---|---|---|
r-devel-linux-x86_64-debian-clang | 0.3.3 | 65.69 | 83.00 | 148.69 | NOTE | |
r-devel-linux-x86_64-debian-gcc | 0.3.3 | 56.95 | 62.46 | 119.41 | NOTE | |
r-devel-linux-x86_64-fedora-clang | 0.3.3 | 200.76 | NOTE | |||
r-devel-linux-x86_64-fedora-gcc | 0.3.3 | 217.46 | NOTE | |||
r-devel-windows-x86_64 | 0.3.3 | 63.00 | 126.00 | 189.00 | NOTE | |
r-patched-linux-x86_64 | 0.3.3 | 58.24 | 79.34 | 137.58 | OK | |
r-release-linux-x86_64 | 0.3.3 | 61.82 | 80.22 | 142.04 | OK | |
r-release-macos-arm64 | 0.3.3 | 56.00 | OK | |||
r-release-macos-x86_64 | 0.3.3 | 72.00 | OK | |||
r-release-windows-x86_64 | 0.3.3 | 65.00 | 136.00 | 201.00 | OK | |
r-oldrel-macos-arm64 | 0.3.3 | 49.00 | OK | |||
r-oldrel-macos-x86_64 | 0.3.3 | 73.00 | OK | |||
r-oldrel-windows-ix86+x86_64 | 0.3.3 | 156.00 | 151.00 | 307.00 | OK |
Version: 0.3.3
Check: C++ specification
Result: NOTE
Specified C++11: please update to current default of C++17
Flavors: r-devel-linux-x86_64-debian-clang, r-devel-linux-x86_64-debian-gcc, r-devel-linux-x86_64-fedora-clang, r-devel-linux-x86_64-fedora-gcc, r-devel-windows-x86_64