Last updated on 2025-04-30 05:49:51 CEST.
Flavor | Version | Tinstall | Tcheck | Ttotal | Status | Flags |
---|---|---|---|---|---|---|
r-devel-linux-x86_64-debian-clang | 0.1.3 | 50.60 | 420.14 | 470.74 | NOTE | |
r-devel-linux-x86_64-debian-gcc | 0.1.3 | 39.35 | 298.08 | 337.43 | NOTE | |
r-devel-linux-x86_64-fedora-clang | 0.1.3 | 791.91 | OK | |||
r-devel-linux-x86_64-fedora-gcc | 0.1.3 | 732.85 | OK | |||
r-devel-windows-x86_64 | 0.1.3 | 54.00 | 361.00 | 415.00 | OK | |
r-patched-linux-x86_64 | 0.1.3 | 51.22 | 395.02 | 446.24 | OK | |
r-release-linux-x86_64 | 0.1.3 | 48.64 | 394.79 | 443.43 | OK | |
r-release-macos-arm64 | 0.1.3 | 210.00 | OK | |||
r-release-macos-x86_64 | 0.1.3 | 355.00 | OK | |||
r-release-windows-x86_64 | 0.1.3 | 56.00 | 355.00 | 411.00 | OK | |
r-oldrel-macos-arm64 | 0.1.3 | 180.00 | OK | |||
r-oldrel-macos-x86_64 | 0.1.3 | 278.00 | OK | |||
r-oldrel-windows-x86_64 | 0.1.3 | 68.00 | 424.00 | 492.00 | OK |
Version: 0.1.3
Check: CRAN incoming feasibility
Result: NOTE
Maintainer: ‘Junwei Han <hanjunwei1981@163.com>’
No Authors@R field in DESCRIPTION.
Please add one, modifying
Authors@R: c(person(given = "Xudong",
family = "Han",
role = "aut"),
person(given = "Junwei",
family = "Han",
role = c("aut", "cre"),
email = "hanjunwei1981@163.com"),
person(given = "Qing",
family = "Fei",
role = "aut"))
as necessary.
Flavors: r-devel-linux-x86_64-debian-clang, r-devel-linux-x86_64-debian-gcc