CRAN Package Check Results for Package psda

Last updated on 2019-10-21 23:49:58 CEST.

Flavor Version Tinstall Tcheck Ttotal Status Flags
r-devel-linux-x86_64-debian-clang 1.3.2 2.96 29.28 32.24 OK
r-devel-linux-x86_64-debian-gcc 1.3.2 2.63 22.92 25.55 OK
r-devel-linux-x86_64-fedora-clang 1.3.2 37.86 NOTE
r-devel-linux-x86_64-fedora-gcc 1.3.2 36.38 NOTE
r-devel-windows-ix86+x86_64 1.3.2 7.00 64.00 71.00 OK
r-patched-linux-x86_64 1.3.2 3.06 28.74 31.80 OK
r-patched-solaris-x86 1.3.2 55.40 NOTE
r-release-linux-x86_64 1.3.2 2.90 28.75 31.65 OK
r-release-windows-ix86+x86_64 1.3.2 12.00 43.00 55.00 OK
r-release-osx-x86_64 1.3.2 NOTE
r-oldrel-windows-ix86+x86_64 1.3.2 4.00 41.00 45.00 OK
r-oldrel-osx-x86_64 1.3.2 NOTE

Check Details

Version: 1.3.2
Check: dependencies in R code
Result: NOTE
    Namespace in Imports field not imported from: ‘raster’
     All declared Imports should be used.
Flavors: r-devel-linux-x86_64-fedora-clang, r-devel-linux-x86_64-fedora-gcc, r-patched-solaris-x86, r-release-osx-x86_64, r-oldrel-osx-x86_64