CRAN Package Check Results for Package psgp

Last updated on 2019-05-24 05:47:46 CEST.

Flavor Version Tinstall Tcheck Ttotal Status Flags
r-devel-linux-x86_64-debian-clang 0.3-18 215.11 87.53 302.64 OK
r-devel-linux-x86_64-debian-gcc 0.3-18 161.95 55.40 217.35 OK
r-devel-linux-x86_64-fedora-clang 0.3-18 498.80 NOTE
r-devel-linux-x86_64-fedora-gcc 0.3-18 411.77 OK
r-devel-windows-ix86+x86_64 0.3-18 415.00 200.00 615.00 OK
r-patched-linux-x86_64 0.3-18 199.49 85.49 284.98 OK
r-patched-solaris-x86 0.3-18 419.10 OK
r-release-linux-x86_64 0.3-18 190.49 84.74 275.23 OK
r-release-windows-ix86+x86_64 0.3-18 529.00 150.00 679.00 OK
r-release-osx-x86_64 0.3-18 NOTE
r-oldrel-windows-ix86+x86_64 0.3-18 542.00 132.00 674.00 OK
r-oldrel-osx-x86_64 0.3-18 NOTE

Check Details

Version: 0.3-18
Check: installed package size
Result: NOTE
     installed size is 7.3Mb
     sub-directories of 1Mb or more:
     libs 7.1Mb
Flavors: r-devel-linux-x86_64-fedora-clang, r-release-osx-x86_64, r-oldrel-osx-x86_64