CRAN Package Check Results for Package psgp

Last updated on 2019-03-26 05:50:45 CET.

Flavor Version Tinstall Tcheck Ttotal Status Flags
r-devel-linux-x86_64-debian-clang 0.3-18 215.42 85.03 300.45 OK
r-devel-linux-x86_64-debian-gcc 0.3-18 158.44 69.59 228.03 OK
r-devel-linux-x86_64-fedora-clang 0.3-18 476.38 NOTE
r-devel-linux-x86_64-fedora-gcc 0.3-18 411.54 OK
r-devel-windows-ix86+x86_64 0.3-18 526.00 181.00 707.00 OK
r-patched-linux-x86_64 0.3-18 192.46 83.29 275.75 OK
r-patched-solaris-x86 0.3-18 377.20 OK
r-release-linux-x86_64 0.3-18 193.60 82.74 276.34 OK
r-release-windows-ix86+x86_64 0.3-18 518.00 177.00 695.00 OK
r-release-osx-x86_64 0.3-18 NOTE
r-oldrel-windows-ix86+x86_64 0.3-18 396.00 155.00 551.00 OK
r-oldrel-osx-x86_64 0.3-18 NOTE

Check Details

Version: 0.3-18
Check: installed package size
Result: NOTE
     installed size is 7.1Mb
     sub-directories of 1Mb or more:
     libs 7.0Mb
Flavors: r-devel-linux-x86_64-fedora-clang, r-release-osx-x86_64, r-oldrel-osx-x86_64