Last updated on 2024-08-16 11:49:48 CEST.
Flavor | Version | Tinstall | Tcheck | Ttotal | Status | Flags |
---|---|---|---|---|---|---|
r-devel-linux-x86_64-debian-clang | 0.1.0 | 7.48 | 63.98 | 71.46 | NOTE | |
r-devel-linux-x86_64-debian-gcc | 0.1.0 | 4.73 | 48.70 | 53.43 | NOTE | |
r-devel-linux-x86_64-fedora-clang | 0.1.0 | 116.81 | OK | |||
r-devel-linux-x86_64-fedora-gcc | 0.1.0 | 109.17 | OK | |||
r-devel-windows-x86_64 | 0.1.0 | 10.00 | 74.00 | 84.00 | NOTE | |
r-patched-linux-x86_64 | 0.1.0 | 11.98 | 60.44 | 72.42 | OK | |
r-release-linux-x86_64 | 0.1.0 | 6.34 | 61.20 | 67.54 | OK | |
r-release-macos-arm64 | 0.1.0 | 34.00 | OK | |||
r-release-macos-x86_64 | 0.1.0 | 105.00 | OK | |||
r-release-windows-x86_64 | 0.1.0 | 8.00 | 76.00 | 84.00 | OK | |
r-oldrel-macos-arm64 | 0.1.0 | 34.00 | OK | |||
r-oldrel-macos-x86_64 | 0.1.0 | 48.00 | OK | |||
r-oldrel-windows-x86_64 | 0.1.0 | 11.00 | 91.00 | 102.00 | OK |
Version: 0.1.0
Check: Rd cross-references
Result: NOTE
Found the following Rd file(s) with Rd \link{} targets missing package
anchors:
plot.Rd: ggplot2
ps_aggregated.Rd: ggplot2
ps_detailed.Rd: ggplot2
Please provide package anchors for all Rd \link{} targets not in the
package itself and the base packages.
Flavors: r-devel-linux-x86_64-debian-clang, r-devel-linux-x86_64-debian-gcc, r-devel-windows-x86_64