CRAN Package Check Results for Package psqn

Last updated on 2021-07-27 23:51:26 CEST.

Flavor Version Tinstall Tcheck Ttotal Status Flags
r-devel-linux-x86_64-debian-clang 0.2.1 60.58 103.98 164.56 OK
r-devel-linux-x86_64-debian-gcc 0.2.1 47.48 70.31 117.79 OK
r-devel-linux-x86_64-fedora-clang 0.2.1 226.10 NOTE
r-devel-linux-x86_64-fedora-gcc 0.2.1 203.62 OK
r-devel-windows-x86_64 0.2.1 70.00 129.00 199.00 OK
r-devel-windows-x86_64-gcc10-UCRT 0.2.1 OK
r-patched-linux-x86_64 0.2.1 56.71 91.29 148.00 OK
r-patched-solaris-x86 0.2.1 159.10 OK
r-release-linux-x86_64 0.2.1 50.66 90.08 140.74 OK
r-release-macos-arm64 0.2.1 NOTE
r-release-macos-x86_64 0.2.1 NOTE
r-release-windows-ix86+x86_64 0.2.1 136.00 195.00 331.00 OK
r-oldrel-macos-x86_64 0.2.1 NOTE
r-oldrel-windows-ix86+x86_64 0.2.1 120.00 210.00 330.00 OK

Check Details

Version: 0.2.1
Check: installed package size
Result: NOTE
     installed size is 9.3Mb
     sub-directories of 1Mb or more:
     libs 8.8Mb
Flavors: r-devel-linux-x86_64-fedora-clang, r-release-macos-arm64, r-release-macos-x86_64, r-oldrel-macos-x86_64