CRAN Package Check Results for Package psychomix

Last updated on 2019-07-16 00:15:21 CEST.

Flavor Version Tinstall Tcheck Ttotal Status Flags
r-devel-linux-x86_64-debian-clang 1.1-7 7.86 63.59 71.45 OK --no-vignettes
r-devel-linux-x86_64-debian-gcc 1.1-7 6.33 49.45 55.78 OK --no-vignettes
r-devel-linux-x86_64-fedora-clang 1.1-7 656.40 NOTE
r-devel-linux-x86_64-fedora-gcc 1.1-7 644.81 NOTE
r-devel-windows-ix86+x86_64 1.1-7 18.00 85.00 103.00 OK --no-vignettes
r-patched-linux-x86_64 1.1-7 7.10 62.19 69.29 OK --no-vignettes
r-patched-solaris-x86 1.1-7 1080.20 NOTE
r-release-linux-x86_64 1.1-7 6.90 63.54 70.44 OK --no-vignettes
r-release-windows-ix86+x86_64 1.1-7 12.00 91.00 103.00 OK --no-vignettes
r-release-osx-x86_64 1.1-7 OK
r-oldrel-windows-ix86+x86_64 1.1-7 14.00 70.00 84.00 OK --no-vignettes
r-oldrel-osx-x86_64 1.1-7 OK

Check Details

Version: 1.1-7
Check: running R code from vignettes
Result: NOTE
     ‘raschmix.Rnw’... [216s/477s] NOTE
    differences from ‘raschmix.Rout.save’
    85c85
    < item.Item04 1.5167299 -1.7742828
    ---
    > item.Item04 1.5167298 -1.7742828
    87c87
    < item.Item06 2.8198981 -2.9215417
    ---
    > item.Item06 2.8198982 -2.9215417
    91c91
    < item.Item10 5.2737456 -5.2640452
    ---
    > item.Item10 5.2737457 -5.2640452
     ‘scores.Rnw’... [65s/101s] OK
Flavor: r-devel-linux-x86_64-fedora-clang

Version: 1.1-7
Check: running R code from vignettes
Result: NOTE
     ‘raschmix.Rnw’... [212s/363s] NOTE
    differences from ‘raschmix.Rout.save’
    85c85
    < item.Item04 1.5167299 -1.7742828
    ---
    > item.Item04 1.5167298 -1.7742828
    87c87
    < item.Item06 2.8198981 -2.9215417
    ---
    > item.Item06 2.8198982 -2.9215417
    91c91
    < item.Item10 5.2737456 -5.2640452
    ---
    > item.Item10 5.2737457 -5.2640452
     ‘scores.Rnw’... [64s/96s] OK
Flavor: r-devel-linux-x86_64-fedora-gcc

Version: 1.1-7
Check: running R code from vignettes
Result: NOTE
     ‘raschmix.Rnw’... [369s/455s] NOTE
    differences from ‘raschmix.Rout.save’
    276c276
    < (Intercept) 0 -0.76273586 -3.674368
    ---
    > (Intercept) 0 -0.76273585 -3.674368
     ‘scores.Rnw’... [90s/101s] OK
Flavor: r-patched-solaris-x86