Last updated on 2024-08-16 11:49:48 CEST.
Flavor | Version | Tinstall | Tcheck | Ttotal | Status | Flags |
---|---|---|---|---|---|---|
r-devel-linux-x86_64-debian-clang | 0.13 | 621.33 | 176.52 | 797.85 | OK | |
r-devel-linux-x86_64-debian-gcc | 0.13 | 451.96 | 117.40 | 569.36 | OK | |
r-devel-linux-x86_64-fedora-clang | 0.13 | 1562.77 | OK | |||
r-devel-linux-x86_64-fedora-gcc | 0.13 | 1689.11 | OK | |||
r-devel-windows-x86_64 | 0.13 | 637.00 | 203.00 | 840.00 | OK | |
r-patched-linux-x86_64 | 0.13 | 632.03 | 165.85 | 797.88 | OK | |
r-release-linux-x86_64 | 0.13 | 608.74 | 168.76 | 777.50 | OK | |
r-release-macos-arm64 | 0.13 | 238.00 | NOTE | |||
r-release-macos-x86_64 | 0.13 | 333.00 | NOTE | |||
r-release-windows-x86_64 | 0.13 | 638.00 | 204.00 | 842.00 | OK | |
r-oldrel-macos-arm64 | 0.13 | 300.00 | NOTE | |||
r-oldrel-macos-x86_64 | 0.13 | 330.00 | NOTE | |||
r-oldrel-windows-x86_64 | 0.13 | 795.00 | 257.00 | 1052.00 | OK |
Version: 0.13
Check: installed package size
Result: NOTE
installed size is 28.4Mb
sub-directories of 1Mb or more:
libs 27.2Mb
Flavors: r-release-macos-arm64, r-release-macos-x86_64, r-oldrel-macos-arm64, r-oldrel-macos-x86_64