CRAN Package Check Results for Package ptest

Last updated on 2022-08-20 00:52:09 CEST.

Flavor Version Tinstall Tcheck Ttotal Status Flags
r-devel-linux-x86_64-debian-clang 1.0-8 10.37 109.71 120.08 OK
r-devel-linux-x86_64-debian-gcc 1.0-8 9.54 80.88 90.42 OK
r-devel-linux-x86_64-fedora-clang 1.0-8 151.78 NOTE
r-devel-linux-x86_64-fedora-gcc 1.0-8 147.07 NOTE
r-devel-windows-x86_64 1.0-8 31.00 135.00 166.00 OK
r-patched-linux-x86_64 1.0-8 14.38 101.07 115.45 OK
r-release-linux-x86_64 1.0-8 OK
r-release-macos-arm64 1.0-8 54.00 OK
r-release-macos-x86_64 1.0-8 59.00 OK
r-release-windows-x86_64 1.0-8 26.00 131.00 157.00 OK
r-oldrel-macos-arm64 1.0-8 56.00 OK
r-oldrel-macos-x86_64 1.0-8 83.00 OK
r-oldrel-windows-ix86+x86_64 1.0-8 24.00 157.00 181.00 OK

Check Details

Version: 1.0-8
Check: compiled code
Result: NOTE
    File ‘ptest/libs/ptest.so’:
     Found no calls to: ‘R_registerRoutines’, ‘R_useDynamicSymbols’
    
    It is good practice to register native routines and to disable symbol
    search.
    
    See ‘Writing portable packages’ in the ‘Writing R Extensions’ manual.
Flavors: r-devel-linux-x86_64-fedora-clang, r-devel-linux-x86_64-fedora-gcc