Last updated on 2023-03-27 23:55:50 CEST.
Flavor | Version | Tinstall | Tcheck | Ttotal | Status | Flags |
---|---|---|---|---|---|---|
r-devel-linux-x86_64-debian-clang | 2.8 | 10.25 | 27.12 | 37.37 | OK | |
r-devel-linux-x86_64-debian-gcc | 2.8 | 6.71 | 21.35 | 28.06 | OK | |
r-devel-linux-x86_64-fedora-clang | 2.8 | 51.11 | NOTE | |||
r-devel-linux-x86_64-fedora-gcc | 2.8 | 45.25 | NOTE | |||
r-patched-linux-x86_64 | 2.8 | 7.66 | 26.52 | 34.18 | OK | |
r-release-linux-x86_64 | 2.8 | 6.46 | 29.25 | 35.71 | OK | |
r-release-macos-arm64 | 2.8 | 23.00 | OK | |||
r-release-macos-x86_64 | 2.8 | 30.00 | OK | |||
r-release-windows-x86_64 | 2.8 | 19.00 | 79.00 | 98.00 | OK | |
r-oldrel-macos-arm64 | 2.8 | 35.00 | OK | |||
r-oldrel-macos-x86_64 | 2.8 | 43.00 | OK | |||
r-oldrel-windows-ix86+x86_64 | 2.8 | 22.00 | 78.00 | 100.00 | OK |
Version: 2.8
Check: compiled code
Result: NOTE
File ‘ptinpoly/libs/ptinpoly.so’:
Found no calls to: ‘R_registerRoutines’, ‘R_useDynamicSymbols’
It is good practice to register native routines and to disable symbol
search.
See ‘Writing portable packages’ in the ‘Writing R Extensions’ manual.
Flavors: r-devel-linux-x86_64-fedora-clang, r-devel-linux-x86_64-fedora-gcc