CRAN Package Check Results for Package ptinpoly

Last updated on 2021-12-04 23:50:41 CET.

Flavor Version Tinstall Tcheck Ttotal Status Flags
r-devel-linux-x86_64-debian-clang 2.8 7.10 33.73 40.83 OK
r-devel-linux-x86_64-debian-gcc 2.8 4.86 27.60 32.46 OK
r-devel-linux-x86_64-fedora-clang 2.8 57.09 NOTE
r-devel-linux-x86_64-fedora-gcc 2.8 42.83 NOTE
r-devel-windows-x86_64-new-UL 2.8 19.00 86.00 105.00 OK
r-devel-windows-x86_64-new-TK 2.8 OK
r-devel-windows-x86_64-old 2.8 13.00 37.00 50.00 OK
r-patched-linux-x86_64 2.8 6.59 25.30 31.89 OK
r-release-linux-x86_64 2.8 6.40 25.37 31.77 OK
r-release-macos-arm64 2.8 OK
r-release-macos-x86_64 2.8 OK
r-release-windows-ix86+x86_64 2.8 21.00 63.00 84.00 OK
r-oldrel-macos-x86_64 2.8 OK
r-oldrel-windows-ix86+x86_64 2.8 22.00 64.00 86.00 OK

Check Details

Version: 2.8
Check: compiled code
Result: NOTE
    File ‘ptinpoly/libs/ptinpoly.so’:
     Found no calls to: ‘R_registerRoutines’, ‘R_useDynamicSymbols’
    
    It is good practice to register native routines and to disable symbol
    search.
    
    See ‘Writing portable packages’ in the ‘Writing R Extensions’ manual.
Flavors: r-devel-linux-x86_64-fedora-clang, r-devel-linux-x86_64-fedora-gcc