CRAN Package Check Results for Package purge

Last updated on 2021-07-27 11:51:14 CEST.

Flavor Version Tinstall Tcheck Ttotal Status Flags
r-devel-linux-x86_64-debian-clang 0.2.1 2.15 32.36 34.51 NOTE
r-devel-linux-x86_64-debian-gcc 0.2.1 1.55 25.59 27.14 NOTE
r-devel-linux-x86_64-fedora-clang 0.2.1 50.93 NOTE
r-devel-linux-x86_64-fedora-gcc 0.2.1 40.80 NOTE
r-devel-windows-x86_64 0.2.1 3.00 48.00 51.00 NOTE
r-devel-windows-x86_64-gcc10-UCRT 0.2.1 NOTE
r-patched-linux-x86_64 0.2.1 1.77 31.67 33.44 NOTE
r-patched-solaris-x86 0.2.1 66.60 NOTE
r-release-linux-x86_64 0.2.1 2.05 31.70 33.75 NOTE
r-release-macos-arm64 0.2.1 NOTE
r-release-macos-x86_64 0.2.1 NOTE
r-release-windows-ix86+x86_64 0.2.1 4.00 48.00 52.00 NOTE
r-oldrel-macos-x86_64 0.2.1 OK
r-oldrel-windows-ix86+x86_64 0.2.1 4.00 48.00 52.00 OK

Check Details

Version: 0.2.1
Check: LazyData
Result: NOTE
     'LazyData' is specified without a 'data' directory
Flavors: r-devel-linux-x86_64-debian-clang, r-devel-linux-x86_64-debian-gcc, r-devel-linux-x86_64-fedora-clang, r-devel-linux-x86_64-fedora-gcc, r-devel-windows-x86_64, r-devel-windows-x86_64-gcc10-UCRT, r-patched-linux-x86_64, r-patched-solaris-x86, r-release-linux-x86_64, r-release-macos-arm64, r-release-macos-x86_64, r-release-windows-ix86+x86_64