CRAN Package Check Results for Package purrrlyr

Last updated on 2023-03-30 17:52:39 CEST.

Flavor Version Tinstall Tcheck Ttotal Status Flags
r-devel-linux-x86_64-debian-clang 0.0.8 44.91 51.36 96.27 NOTE
r-devel-linux-x86_64-debian-gcc 0.0.8 36.78 39.60 76.38 NOTE
r-devel-linux-x86_64-fedora-clang 0.0.8 142.52 NOTE
r-devel-linux-x86_64-fedora-gcc 0.0.8 120.88 NOTE
r-devel-windows-x86_64 0.0.8 56.00 0.00 56.00 NOTE
r-patched-linux-x86_64 0.0.8 42.43 51.08 93.51 NOTE
r-release-linux-x86_64 0.0.8 38.83 49.94 88.77 OK
r-release-macos-arm64 0.0.8 44.00 OK
r-release-macos-x86_64 0.0.8 64.00 OK
r-release-windows-x86_64 0.0.8 54.00 103.00 157.00 OK
r-oldrel-macos-arm64 0.0.8 36.00 OK
r-oldrel-macos-x86_64 0.0.8 47.00 OK
r-oldrel-windows-ix86+x86_64 0.0.8 114.00 121.00 235.00 OK

Check Details

Version: 0.0.8
Check: C++ specification
Result: NOTE
     Specified C++11: please drop specification unless essential
Flavors: r-devel-linux-x86_64-debian-clang, r-devel-linux-x86_64-debian-gcc, r-devel-linux-x86_64-fedora-clang, r-devel-linux-x86_64-fedora-gcc, r-devel-windows-x86_64, r-patched-linux-x86_64