Last updated on 2023-09-29 11:56:03 CEST.
Flavor | Version | Tinstall | Tcheck | Ttotal | Status | Flags |
---|---|---|---|---|---|---|
r-devel-linux-x86_64-debian-clang | 0.16.2 | 7.96 | 52.92 | 60.88 | NOTE | |
r-devel-linux-x86_64-debian-gcc | 0.16.2 | 5.52 | 39.43 | 44.95 | NOTE | |
r-devel-linux-x86_64-fedora-clang | 0.16.2 | 75.78 | NOTE | |||
r-devel-linux-x86_64-fedora-gcc | 0.16.2 | 82.70 | NOTE | |||
r-devel-windows-x86_64 | 0.16.2 | 7.00 | 74.00 | 81.00 | NOTE | |
r-patched-linux-x86_64 | 0.16.2 | 8.89 | 50.86 | 59.75 | OK | |
r-release-linux-x86_64 | 0.16.2 | 6.59 | 51.23 | 57.82 | OK | |
r-release-macos-arm64 | 0.16.2 | 45.00 | OK | |||
r-release-macos-x86_64 | 0.16.2 | 61.00 | OK | |||
r-release-windows-x86_64 | 0.16.2 | 10.00 | 83.00 | 93.00 | OK | |
r-oldrel-macos-arm64 | 0.16.2 | 40.00 | OK | |||
r-oldrel-macos-x86_64 | 0.16.2 | 47.00 | OK | |||
r-oldrel-windows-x86_64 | 0.16.2 | 10.00 | 66.00 | 76.00 | OK |
Version: 0.16.2
Check: Rd \usage sections
Result: NOTE
Documented arguments not in \usage in documentation object 'http_was_redirected':
‘response’
Documented arguments not in \usage in documentation object 'permutations':
‘nset’
Documented arguments not in \usage in documentation object 'pxweb_split_query':
‘pxweb_metadata’
Documented arguments not in \usage in documentation object 'split_dimensions_left_right':
‘pxq’
Documented arguments not in \usage in documentation object 'str_pad':
‘x’
Functions with \usage entries need to have the appropriate \alias
entries, and all their arguments documented.
The \usage entries must correspond to syntactically valid R code.
See chapter ‘Writing R documentation files’ in the ‘Writing R
Extensions’ manual.
Flavors: r-devel-linux-x86_64-debian-clang, r-devel-linux-x86_64-debian-gcc, r-devel-linux-x86_64-fedora-clang, r-devel-linux-x86_64-fedora-gcc, r-devel-windows-x86_64