Last updated on 2024-05-05 17:54:04 CEST.
Flavor | Version | Tinstall | Tcheck | Ttotal | Status | Flags |
---|---|---|---|---|---|---|
r-devel-linux-x86_64-debian-clang | 0.1.8 | 20.22 | 36.82 | 57.04 | NOTE | |
r-devel-linux-x86_64-debian-gcc | 0.1.8 | 16.47 | 26.85 | 43.32 | NOTE | |
r-devel-linux-x86_64-fedora-clang | 0.1.8 | 78.26 | NOTE | |||
r-devel-linux-x86_64-fedora-gcc | 0.1.8 | 72.79 | NOTE | |||
r-devel-windows-x86_64 | 0.1.8 | 17.00 | 65.00 | 82.00 | NOTE | |
r-patched-linux-x86_64 | 0.1.8 | 19.80 | 33.85 | 53.65 | NOTE | |
r-release-linux-x86_64 | 0.1.8 | 19.33 | 34.73 | 54.06 | NOTE | |
r-release-macos-arm64 | 0.1.8 | 24.00 | NOTE | |||
r-release-windows-x86_64 | 0.1.8 | 17.00 | 63.00 | 80.00 | NOTE | |
r-oldrel-macos-arm64 | 0.1.8 | 30.00 | NOTE | |||
r-oldrel-macos-x86_64 | 0.1.8 | 39.00 | NOTE | |||
r-oldrel-windows-x86_64 | 0.1.8 | 17.00 | 71.00 | 88.00 | NOTE |
Version: 0.1.8
Check: LazyData
Result: NOTE
'LazyData' is specified without a 'data' directory
Flavors: r-devel-linux-x86_64-debian-clang, r-devel-linux-x86_64-debian-gcc, r-devel-linux-x86_64-fedora-clang, r-devel-linux-x86_64-fedora-gcc, r-devel-windows-x86_64, r-patched-linux-x86_64, r-release-linux-x86_64, r-release-macos-arm64, r-release-windows-x86_64, r-oldrel-macos-arm64, r-oldrel-macos-x86_64, r-oldrel-windows-x86_64