CRAN Package Check Results for Package qMRI

Last updated on 2023-12-03 17:53:47 CET.

Flavor Version Tinstall Tcheck Ttotal Status Flags
r-devel-linux-x86_64-debian-clang 1.2.7 16.33 219.50 235.83 NOTE
r-devel-linux-x86_64-debian-gcc 1.2.7 13.83 157.56 171.39 NOTE
r-devel-linux-x86_64-fedora-clang 1.2.7 299.17 OK
r-devel-linux-x86_64-fedora-gcc 1.2.7 296.77 OK
r-devel-windows-x86_64 1.2.7 17.00 217.00 234.00 OK
r-patched-linux-x86_64 1.2.7 13.02 204.34 217.36 OK
r-release-linux-x86_64 1.2.7 14.34 205.20 219.54 OK
r-release-macos-arm64 1.2.7 162.00 OK
r-release-macos-x86_64 1.2.7 502.00 OK
r-release-windows-x86_64 1.2.7 21.00 288.00 309.00 OK
r-oldrel-macos-arm64 1.2.7 141.00 OK
r-oldrel-macos-x86_64 1.2.7 185.00 OK
r-oldrel-windows-x86_64 1.2.7 21.00 279.00 300.00 OK

Additional issues

M1mac

Check Details

Version: 1.2.7
Check: Rd files
Result: NOTE checkRd: (-1) estimateIRfluid.Rd:7: Lost braces; missing escapes or markup? 7 | The Inversion Recovery MRI signal in voxel containing only CSF follows is modeled as $S_{InvTime} = par[1] * abs( 1 - 2 * exp(-InvTime*par[2]) )$ dependings on two parameters. These parameters are assumed to be tissue (and scanner) dependent. | ^ checkRd: (-1) estimateIRfluid.Rd:41: Lost braces; missing escapes or markup? 41 | The Inversion Recovery MRI signal in voxel containing only CSF follows is modeled as $S_{InvTime} = par[1] * abs( 1 - 2 * exp(-InvTime*par[2]) )$ dependings on two parameters. These parameters are assumed to be tissue (and scanner) dependent. | ^ checkRd: (-1) extract-methods.Rd:85: Lost braces in \itemize; meant \describe ? checkRd: (-1) extract-methods.Rd:86: Lost braces in \itemize; meant \describe ? checkRd: (-1) extract-methods.Rd:87: Lost braces in \itemize; meant \describe ? checkRd: (-1) extract-methods.Rd:88: Lost braces in \itemize; meant \describe ? checkRd: (-1) extract-methods.Rd:89: Lost braces in \itemize; meant \describe ? checkRd: (-1) extract-methods.Rd:90: Lost braces in \itemize; meant \describe ? checkRd: (-1) extract-methods.Rd:91: Lost braces in \itemize; meant \describe ? checkRd: (-1) extract-methods.Rd:92: Lost braces in \itemize; meant \describe ? checkRd: (-1) extract-methods.Rd:93: Lost braces in \itemize; meant \describe ? checkRd: (-1) extract-methods.Rd:94: Lost braces in \itemize; meant \describe ? checkRd: (-1) extract-methods.Rd:95: Lost braces in \itemize; meant \describe ? checkRd: (-1) extract-methods.Rd:96: Lost braces in \itemize; meant \describe ? checkRd: (-1) extract-methods.Rd:104: Lost braces in \itemize; meant \describe ? checkRd: (-1) extract-methods.Rd:105: Lost braces in \itemize; meant \describe ? checkRd: (-1) extract-methods.Rd:106: Lost braces in \itemize; meant \describe ? checkRd: (-1) extract-methods.Rd:107: Lost braces in \itemize; meant \describe ? checkRd: (-1) extract-methods.Rd:108: Lost braces in \itemize; meant \describe ? checkRd: (-1) extract-methods.Rd:109: Lost braces in \itemize; meant \describe ? checkRd: (-1) extract-methods.Rd:110: Lost braces in \itemize; meant \describe ? checkRd: (-1) extract-methods.Rd:111: Lost braces in \itemize; meant \describe ? checkRd: (-1) extract-methods.Rd:112: Lost braces in \itemize; meant \describe ? checkRd: (-1) extract-methods.Rd:113: Lost braces in \itemize; meant \describe ? checkRd: (-1) extract-methods.Rd:114: Lost braces in \itemize; meant \describe ? checkRd: (-1) extract-methods.Rd:115: Lost braces in \itemize; meant \describe ? checkRd: (-1) extract-methods.Rd:116: Lost braces in \itemize; meant \describe ? checkRd: (-1) extract-methods.Rd:117: Lost braces in \itemize; meant \describe ? checkRd: (-1) extract-methods.Rd:118: Lost braces in \itemize; meant \describe ? checkRd: (-1) extract-methods.Rd:119: Lost braces in \itemize; meant \describe ? checkRd: (-1) extract-methods.Rd:120: Lost braces in \itemize; meant \describe ? checkRd: (-1) extract-methods.Rd:121: Lost braces in \itemize; meant \describe ? checkRd: (-1) extract-methods.Rd:122: Lost braces in \itemize; meant \describe ? checkRd: (-1) extract-methods.Rd:123: Lost braces in \itemize; meant \describe ? checkRd: (-1) extract-methods.Rd:131: Lost braces in \itemize; meant \describe ? checkRd: (-1) extract-methods.Rd:132: Lost braces in \itemize; meant \describe ? checkRd: (-1) extract-methods.Rd:133: Lost braces in \itemize; meant \describe ? checkRd: (-1) extract-methods.Rd:134: Lost braces in \itemize; meant \describe ? checkRd: (-1) extract-methods.Rd:135: Lost braces in \itemize; meant \describe ? checkRd: (-1) extract-methods.Rd:136: Lost braces in \itemize; meant \describe ? checkRd: (-1) extract-methods.Rd:137: Lost braces in \itemize; meant \describe ? checkRd: (-1) extract-methods.Rd:138: Lost braces in \itemize; meant \describe ? checkRd: (-1) extract-methods.Rd:139: Lost braces in \itemize; meant \describe ? checkRd: (-1) extract-methods.Rd:140: Lost braces in \itemize; meant \describe ? checkRd: (-1) extract-methods.Rd:141: Lost braces in \itemize; meant \describe ? checkRd: (-1) extract-methods.Rd:142: Lost braces in \itemize; meant \describe ? checkRd: (-1) extract-methods.Rd:143: Lost braces in \itemize; meant \describe ? checkRd: (-1) extract-methods.Rd:144: Lost braces in \itemize; meant \describe ? checkRd: (-1) extract-methods.Rd:145: Lost braces in \itemize; meant \describe ? checkRd: (-1) extract-methods.Rd:146: Lost braces in \itemize; meant \describe ? checkRd: (-1) extract-methods.Rd:147: Lost braces in \itemize; meant \describe ? checkRd: (-1) extract-methods.Rd:148: Lost braces in \itemize; meant \describe ? checkRd: (-1) extract-methods.Rd:149: Lost braces in \itemize; meant \describe ? checkRd: (-1) extract-methods.Rd:150: Lost braces in \itemize; meant \describe ? checkRd: (-1) extract-methods.Rd:151: Lost braces in \itemize; meant \describe ? checkRd: (-1) extract-methods.Rd:152: Lost braces in \itemize; meant \describe ? checkRd: (-1) extract-methods.Rd:153: Lost braces in \itemize; meant \describe ? checkRd: (-1) extract-methods.Rd:161: Lost braces in \itemize; meant \describe ? checkRd: (-1) extract-methods.Rd:162: Lost braces in \itemize; meant \describe ? checkRd: (-1) extract-methods.Rd:163: Lost braces in \itemize; meant \describe ? checkRd: (-1) extract-methods.Rd:164: Lost braces in \itemize; meant \describe ? checkRd: (-1) extract-methods.Rd:165: Lost braces in \itemize; meant \describe ? checkRd: (-1) extract-methods.Rd:166: Lost braces in \itemize; meant \describe ? checkRd: (-1) extract-methods.Rd:167: Lost braces in \itemize; meant \describe ? checkRd: (-1) extract-methods.Rd:168: Lost braces in \itemize; meant \describe ? checkRd: (-1) extract-methods.Rd:169: Lost braces in \itemize; meant \describe ? checkRd: (-1) extract-methods.Rd:170: Lost braces in \itemize; meant \describe ? Flavors: r-devel-linux-x86_64-debian-clang, r-devel-linux-x86_64-debian-gcc