CRAN Package Check Results for Package qVarSel

Last updated on 2019-05-20 12:04:30 CEST.

Flavor Version Tinstall Tcheck Ttotal Status Flags
r-devel-linux-x86_64-debian-clang 1.0 15.17 24.63 39.80 NOTE
r-devel-linux-x86_64-debian-gcc 1.0 10.04 19.95 29.99 NOTE
r-devel-linux-x86_64-fedora-clang 1.0 56.86 NOTE
r-devel-linux-x86_64-fedora-gcc 1.0 47.93 NOTE
r-devel-windows-ix86+x86_64 1.0 40.00 74.00 114.00 NOTE
r-patched-linux-x86_64 1.0 13.35 24.67 38.02 NOTE
r-patched-solaris-x86 1.0 65.90 NOTE
r-release-linux-x86_64 1.0 13.12 24.61 37.73 NOTE
r-release-windows-ix86+x86_64 1.0 45.00 83.00 128.00 NOTE
r-release-osx-x86_64 1.0 NOTE
r-oldrel-windows-ix86+x86_64 1.0 26.00 56.00 82.00 NOTE
r-oldrel-osx-x86_64 1.0 NOTE

Check Details

Version: 1.0
Check: compiled code
Result: NOTE
    File 'qVarSel/libs/qVarSel.so':
     Found 'rand', possibly from 'rand' (C)
     Object: 'qVarSelH.o'
     Found 'srand', possibly from 'srand' (C)
     Object: 'qVarSelH.o'
    
    Compiled code should not call entry points which might terminate R nor
    write to stdout/stderr instead of to the console, nor use Fortran I/O
    nor system RNGs.
    
    See 'Writing portable packages' in the 'Writing R Extensions' manual.
Flavors: r-devel-linux-x86_64-debian-clang, r-devel-linux-x86_64-debian-gcc, r-patched-linux-x86_64, r-patched-solaris-x86, r-release-linux-x86_64

Version: 1.0
Check: compiled code
Result: NOTE
    File ‘qVarSel/libs/qVarSel.so’:
     Found ‘rand’, possibly from ‘rand’ (C)
     Object: ‘qVarSelH.o’
     Found ‘srand’, possibly from ‘srand’ (C)
     Object: ‘qVarSelH.o’
    File ‘qVarSel/libs/qVarSel.so’:
     Found no calls to: ‘R_registerRoutines’, ‘R_useDynamicSymbols’
    
    Compiled code should not call entry points which might terminate R nor
    write to stdout/stderr instead of to the console, nor use Fortran I/O
    nor system RNGs.
    It is good practice to register native routines and to disable symbol
    search.
    
    See ‘Writing portable packages’ in the ‘Writing R Extensions’ manual.
Flavors: r-devel-linux-x86_64-fedora-clang, r-devel-linux-x86_64-fedora-gcc

Version: 1.0
Check: compiled code
Result: NOTE
    File 'qVarSel/libs/i386/qVarSel.dll':
     Found 'rand', possibly from 'rand' (C)
     Object: 'qVarSelH.o'
     Found 'srand', possibly from 'srand' (C)
     Object: 'qVarSelH.o'
    File 'qVarSel/libs/x64/qVarSel.dll':
     Found 'rand', possibly from 'rand' (C)
     Object: 'qVarSelH.o'
     Found 'srand', possibly from 'srand' (C)
     Object: 'qVarSelH.o'
    
    Compiled code should not call entry points which might terminate R nor
    write to stdout/stderr instead of to the console, nor use Fortran I/O
    nor system RNGs.
    
    See 'Writing portable packages' in the 'Writing R Extensions' manual.
Flavors: r-devel-windows-ix86+x86_64, r-release-windows-ix86+x86_64, r-oldrel-windows-ix86+x86_64

Version: 1.0
Check: compiled code
Result: NOTE
    File ‘qVarSel/libs/qVarSel.so’:
     Found ‘_rand’, possibly from ‘rand’ (C)
     Object: ‘qVarSelH.o’
     Found ‘_srand’, possibly from ‘srand’ (C)
     Object: ‘qVarSelH.o’
    
    Compiled code should not call entry points which might terminate R nor
    write to stdout/stderr instead of to the console, nor use Fortran I/O
    nor system RNGs.
    
    See ‘Writing portable packages’ in the ‘Writing R Extensions’ manual.
Flavors: r-release-osx-x86_64, r-oldrel-osx-x86_64