CRAN Package Check Results for Package qVarSel

Last updated on 2019-07-16 05:48:27 CEST.

Flavor Version Tinstall Tcheck Ttotal Status Flags
r-devel-linux-x86_64-debian-clang 1.0 15.16 24.52 39.68 NOTE
r-devel-linux-x86_64-debian-gcc 1.0 9.97 20.13 30.10 NOTE
r-devel-linux-x86_64-fedora-clang 1.0 55.16 NOTE
r-devel-linux-x86_64-fedora-gcc 1.0 49.31 NOTE
r-devel-windows-ix86+x86_64 1.0 39.00 59.00 98.00 NOTE
r-patched-linux-x86_64 1.0 12.11 24.63 36.74 NOTE
r-patched-solaris-x86 1.0 65.90 NOTE
r-release-linux-x86_64 1.0 12.68 24.66 37.34 NOTE
r-release-windows-ix86+x86_64 1.0 28.00 56.00 84.00 NOTE
r-release-osx-x86_64 1.0 NOTE
r-oldrel-windows-ix86+x86_64 1.0 35.00 54.00 89.00 NOTE
r-oldrel-osx-x86_64 1.0 NOTE

Check Details

Version: 1.0
Check: compiled code
Result: NOTE
    File 'qVarSel/libs/qVarSel.so':
     Found 'rand', possibly from 'rand' (C)
     Object: 'qVarSelH.o'
     Found 'srand', possibly from 'srand' (C)
     Object: 'qVarSelH.o'
    
    Compiled code should not call entry points which might terminate R nor
    write to stdout/stderr instead of to the console, nor use Fortran I/O
    nor system RNGs.
    
    See 'Writing portable packages' in the 'Writing R Extensions' manual.
Flavors: r-devel-linux-x86_64-debian-clang, r-devel-linux-x86_64-debian-gcc, r-patched-linux-x86_64, r-patched-solaris-x86, r-release-linux-x86_64

Version: 1.0
Check: for non-standard things in the check directory
Result: NOTE
    Found the following files/directories:
     'chk1_1.dat' 'chk1_1.mem' 'chk1_1.noisy'
Flavors: r-devel-linux-x86_64-debian-clang, r-devel-linux-x86_64-debian-gcc, r-devel-linux-x86_64-fedora-clang, r-devel-linux-x86_64-fedora-gcc

Version: 1.0
Check: compiled code
Result: NOTE
    File ‘qVarSel/libs/qVarSel.so’:
     Found ‘rand’, possibly from ‘rand’ (C)
     Object: ‘qVarSelH.o’
     Found ‘srand’, possibly from ‘srand’ (C)
     Object: ‘qVarSelH.o’
    File ‘qVarSel/libs/qVarSel.so’:
     Found no calls to: ‘R_registerRoutines’, ‘R_useDynamicSymbols’
    
    Compiled code should not call entry points which might terminate R nor
    write to stdout/stderr instead of to the console, nor use Fortran I/O
    nor system RNGs.
    It is good practice to register native routines and to disable symbol
    search.
    
    See ‘Writing portable packages’ in the ‘Writing R Extensions’ manual.
Flavors: r-devel-linux-x86_64-fedora-clang, r-devel-linux-x86_64-fedora-gcc

Version: 1.0
Check: compiled code
Result: NOTE
    File 'qVarSel/libs/i386/qVarSel.dll':
     Found 'rand', possibly from 'rand' (C)
     Object: 'qVarSelH.o'
     Found 'srand', possibly from 'srand' (C)
     Object: 'qVarSelH.o'
    File 'qVarSel/libs/x64/qVarSel.dll':
     Found 'rand', possibly from 'rand' (C)
     Object: 'qVarSelH.o'
     Found 'srand', possibly from 'srand' (C)
     Object: 'qVarSelH.o'
    
    Compiled code should not call entry points which might terminate R nor
    write to stdout/stderr instead of to the console, nor use Fortran I/O
    nor system RNGs.
    
    See 'Writing portable packages' in the 'Writing R Extensions' manual.
Flavors: r-devel-windows-ix86+x86_64, r-release-windows-ix86+x86_64, r-oldrel-windows-ix86+x86_64

Version: 1.0
Check: compiled code
Result: NOTE
    File ‘qVarSel/libs/qVarSel.so’:
     Found ‘_rand’, possibly from ‘rand’ (C)
     Object: ‘qVarSelH.o’
     Found ‘_srand’, possibly from ‘srand’ (C)
     Object: ‘qVarSelH.o’
    
    Compiled code should not call entry points which might terminate R nor
    write to stdout/stderr instead of to the console, nor use Fortran I/O
    nor system RNGs.
    
    See ‘Writing portable packages’ in the ‘Writing R Extensions’ manual.
Flavors: r-release-osx-x86_64, r-oldrel-osx-x86_64