Last updated on 2024-04-19 00:12:05 CEST.
Flavor | Version | Tinstall | Tcheck | Ttotal | Status | Flags |
---|---|---|---|---|---|---|
r-devel-linux-x86_64-debian-clang | 0.1.0 | 6.24 | 66.17 | 72.41 | OK | |
r-devel-linux-x86_64-debian-gcc | 0.1.0 | 4.84 | 49.34 | 54.18 | OK | |
r-devel-linux-x86_64-fedora-clang | 0.1.0 | 92.75 | NOTE | |||
r-devel-linux-x86_64-fedora-gcc | 0.1.0 | 98.56 | NOTE | |||
r-prerel-macos-arm64 | 0.1.0 | 35.00 | OK | |||
r-prerel-windows-x86_64 | 0.1.0 | 8.00 | 69.00 | 77.00 | OK | |
r-patched-linux-x86_64 | 0.1.0 | 4.21 | 62.82 | 67.03 | OK | |
r-release-linux-x86_64 | 0.1.0 | 3.97 | 62.74 | 66.71 | OK | |
r-release-macos-arm64 | 0.1.0 | 34.00 | OK | |||
r-release-macos-x86_64 | 0.1.0 | 59.00 | OK | |||
r-release-windows-x86_64 | 0.1.0 | 11.00 | 73.00 | 84.00 | OK | |
r-oldrel-macos-arm64 | 0.1.0 | 28.00 | NOTE | |||
r-oldrel-windows-x86_64 | 0.1.0 | 11.00 | 80.00 | 91.00 | OK |
Version: 0.1.0
Check: dependencies in R code
Result: NOTE
Namespace in Imports field not imported from: ‘devtools’
All declared Imports should be used.
Flavors: r-devel-linux-x86_64-fedora-clang, r-devel-linux-x86_64-fedora-gcc, r-oldrel-macos-arm64