Last updated on 2023-06-06 01:03:36 CEST.
Flavor | Version | Tinstall | Tcheck | Ttotal | Status | Flags |
---|---|---|---|---|---|---|
r-devel-linux-x86_64-debian-clang | 1.3.4 | 14.96 | 419.55 | 434.51 | OK | |
r-devel-linux-x86_64-debian-gcc | 1.3.4 | 12.27 | 317.86 | 330.13 | OK | |
r-devel-linux-x86_64-fedora-clang | 1.3.4 | 523.95 | NOTE | |||
r-devel-linux-x86_64-fedora-gcc | 1.3.4 | 533.45 | OK | |||
r-devel-windows-x86_64 | 1.3.4 | 21.00 | 356.00 | 377.00 | NOTE | |
r-patched-linux-x86_64 | 1.3.4 | 14.43 | 402.90 | 417.33 | OK | |
r-release-linux-x86_64 | 1.3.4 | 16.36 | 411.79 | 428.15 | OK | |
r-release-macos-arm64 | 1.3.4 | 235.00 | NOTE | |||
r-release-macos-x86_64 | 1.3.4 | 375.00 | NOTE | |||
r-release-windows-x86_64 | 1.3.4 | 21.00 | 411.00 | 432.00 | NOTE | |
r-oldrel-macos-arm64 | 1.3.4 | 210.00 | NOTE | |||
r-oldrel-macos-x86_64 | 1.3.4 | 247.00 | NOTE | |||
r-oldrel-windows-x86_64 | 1.3.4 | 21.00 | 403.00 | 424.00 | NOTE |
Version: 1.3.4
Check: installed package size
Result: NOTE
installed size is 5.9Mb
sub-directories of 1Mb or more:
doc 5.2Mb
Flavors: r-devel-linux-x86_64-fedora-clang, r-devel-windows-x86_64, r-release-macos-arm64, r-release-macos-x86_64, r-release-windows-x86_64, r-oldrel-macos-arm64, r-oldrel-macos-x86_64, r-oldrel-windows-x86_64