Last updated on 2023-03-30 05:49:19 CEST.
Flavor | Version | Tinstall | Tcheck | Ttotal | Status | Flags |
---|---|---|---|---|---|---|
r-devel-linux-x86_64-debian-clang | 1.1.1 | 121.90 | 132.11 | 254.01 | NOTE | |
r-devel-linux-x86_64-debian-gcc | 1.1.1 | 94.19 | 99.26 | 193.45 | NOTE | |
r-devel-linux-x86_64-fedora-clang | 1.1.1 | 362.38 | NOTE | |||
r-devel-linux-x86_64-fedora-gcc | 1.1.1 | 310.96 | NOTE | |||
r-devel-windows-x86_64 | 1.1.1 | 107.00 | 0.00 | 107.00 | NOTE | |
r-patched-linux-x86_64 | 1.1.1 | 93.81 | 125.21 | 219.02 | NOTE | |
r-release-linux-x86_64 | 1.1.1 | 93.56 | 115.52 | 209.08 | OK | |
r-release-macos-arm64 | 1.1.1 | 75.00 | OK | |||
r-release-macos-x86_64 | 1.1.1 | 102.00 | OK | |||
r-release-windows-x86_64 | 1.1.1 | 116.00 | 172.00 | 288.00 | OK | |
r-oldrel-macos-arm64 | 1.1.1 | 64.00 | OK | |||
r-oldrel-macos-x86_64 | 1.1.1 | 96.00 | OK | |||
r-oldrel-windows-ix86+x86_64 | 1.1.1 | 264.00 | 188.00 | 452.00 | OK |
Version: 1.1.1
Check: C++ specification
Result: NOTE
Specified C++11: please drop specification unless essential
Flavors: r-devel-linux-x86_64-debian-clang, r-devel-linux-x86_64-debian-gcc, r-devel-linux-x86_64-fedora-clang, r-devel-linux-x86_64-fedora-gcc, r-devel-windows-x86_64, r-patched-linux-x86_64