CRAN Package Check Results for Package qgraph

Last updated on 2021-05-13 17:48:31 CEST.

Flavor Version Tinstall Tcheck Ttotal Status Flags
r-devel-linux-x86_64-debian-clang 1.6.9 44.22 166.76 210.98 OK
r-devel-linux-x86_64-debian-gcc 1.6.9 29.92 120.40 150.32 OK
r-devel-linux-x86_64-fedora-clang 1.6.9 261.99 NOTE
r-devel-linux-x86_64-fedora-gcc 1.6.9 244.66 NOTE
r-devel-windows-ix86+x86_64 1.6.9 88.00 186.00 274.00 OK
r-devel-windows-x86_64-gcc10-UCRT 1.6.9 NOTE
r-patched-linux-x86_64 1.6.9 36.62 155.46 192.08 OK
r-patched-solaris-x86 1.6.9 316.90 NOTE
r-release-linux-x86_64 1.6.9 35.00 149.81 184.81 OK
r-release-macos-x86_64 1.6.9 NOTE
r-release-windows-ix86+x86_64 1.6.9 66.00 263.00 329.00 OK
r-oldrel-macos-x86_64 1.6.9 NOTE
r-oldrel-windows-ix86+x86_64 1.6.9 77.00 228.00 305.00 OK

Additional issues

M1mac

Check Details

Version: 1.6.9
Check: dependencies in R code
Result: NOTE
    Namespace in Imports field not imported from: ‘dplyr’
     All declared Imports should be used.
Flavors: r-devel-linux-x86_64-fedora-clang, r-devel-linux-x86_64-fedora-gcc, r-devel-windows-x86_64-gcc10-UCRT, r-patched-solaris-x86, r-release-macos-x86_64, r-oldrel-macos-x86_64