Last updated on 2024-08-16 11:49:48 CEST.
Flavor | Version | Tinstall | Tcheck | Ttotal | Status | Flags |
---|---|---|---|---|---|---|
r-devel-linux-x86_64-debian-clang | 0.4 | 31.67 | 295.31 | 326.98 | OK | |
r-devel-linux-x86_64-debian-gcc | 0.4 | 22.88 | 192.53 | 215.41 | OK | |
r-devel-linux-x86_64-fedora-clang | 0.4 | 538.72 | NOTE | |||
r-devel-linux-x86_64-fedora-gcc | 0.4 | 509.26 | NOTE | |||
r-devel-windows-x86_64 | 0.4 | 30.00 | 220.00 | 250.00 | OK | |
r-patched-linux-x86_64 | 0.4 | 34.52 | 278.26 | 312.78 | OK | |
r-release-linux-x86_64 | 0.4 | 33.03 | 279.01 | 312.04 | OK | |
r-release-macos-arm64 | 0.4 | 117.00 | OK | |||
r-release-macos-x86_64 | 0.4 | 400.00 | OK | |||
r-release-windows-x86_64 | 0.4 | 32.00 | 225.00 | 257.00 | OK | |
r-oldrel-macos-arm64 | 0.4 | 130.00 | OK | |||
r-oldrel-macos-x86_64 | 0.4 | 287.00 | OK | |||
r-oldrel-windows-x86_64 | 0.4 | 32.00 | 241.00 | 273.00 | OK |
Version: 0.4
Check: data for non-ASCII characters
Result: NOTE
Note: found 727 marked UTF-8 strings
Flavors: r-devel-linux-x86_64-fedora-clang, r-devel-linux-x86_64-fedora-gcc