CRAN Package Check Results for Package qmix

Last updated on 2021-06-20 05:48:34 CEST.

Flavor Version Tinstall Tcheck Ttotal Status Flags
r-devel-linux-x86_64-debian-clang 0.1.2.0 662.49 115.32 777.81 NOTE
r-devel-linux-x86_64-debian-gcc 0.1.2.0 568.74 112.95 681.69 NOTE
r-devel-linux-x86_64-fedora-clang 0.1.2.0 1100.89 NOTE
r-devel-linux-x86_64-fedora-gcc 0.1.2.0 1243.15 NOTE
r-devel-windows-x86_64 0.1.2.0 745.00 184.00 929.00 NOTE
r-devel-windows-x86_64-gcc10-UCRT 0.1.2.0 WARN
r-patched-linux-x86_64 0.1.2.0 637.26 143.04 780.30 NOTE
r-patched-solaris-x86 0.1.2.0 1023.50 NOTE
r-release-linux-x86_64 0.1.2.0 629.33 140.44 769.77 NOTE
r-release-macos-arm64 0.1.2.0 NOTE
r-release-macos-x86_64 0.1.2.0 NOTE
r-release-windows-ix86+x86_64 0.1.2.0 1442.00 272.00 1714.00 NOTE
r-oldrel-macos-x86_64 0.1.2.0 NOTE
r-oldrel-windows-ix86+x86_64 0.1.2.0 1022.00 276.00 1298.00 NOTE

Check Details

Version: 0.1.2.0
Check: LazyData
Result: NOTE
     'LazyData' is specified without a 'data' directory
Flavors: r-devel-linux-x86_64-debian-clang, r-devel-linux-x86_64-debian-gcc, r-devel-linux-x86_64-fedora-clang, r-devel-linux-x86_64-fedora-gcc, r-devel-windows-x86_64, r-devel-windows-x86_64-gcc10-UCRT, r-patched-linux-x86_64, r-patched-solaris-x86, r-release-linux-x86_64, r-release-macos-arm64, r-release-macos-x86_64, r-release-windows-ix86+x86_64

Version: 0.1.2.0
Check: for GNU extensions in Makefiles
Result: NOTE
    GNU make is a SystemRequirements.
Flavors: r-devel-linux-x86_64-debian-clang, r-devel-linux-x86_64-debian-gcc, r-devel-linux-x86_64-fedora-clang, r-devel-linux-x86_64-fedora-gcc, r-devel-windows-x86_64, r-devel-windows-x86_64-gcc10-UCRT, r-patched-linux-x86_64, r-patched-solaris-x86, r-release-linux-x86_64, r-release-macos-arm64, r-release-macos-x86_64, r-release-windows-ix86+x86_64, r-oldrel-macos-x86_64, r-oldrel-windows-ix86+x86_64

Version: 0.1.2.0
Check: installed package size
Result: NOTE
     installed size is 86.1Mb
     sub-directories of 1Mb or more:
     libs 85.8Mb
Flavors: r-devel-linux-x86_64-fedora-clang, r-patched-solaris-x86, r-release-macos-arm64, r-release-macos-x86_64, r-release-windows-ix86+x86_64, r-oldrel-macos-x86_64, r-oldrel-windows-ix86+x86_64

Version: 0.1.2.0
Check: line endings in C/C++/Fortran sources/headers
Result: NOTE
    Found the following sources/headers with CR or CRLF line endings:
     src/stanExports_qmixbf.h
     src/stanExports_qmixbfv.h
     src/stanExports_qmixbr.h
     src/stanExports_qmixbrv.h
     src/stanExports_qmixcf.h
     src/stanExports_qmixcr.h
    Some Unix compilers require LF line endings.
Flavor: r-devel-windows-x86_64-gcc10-UCRT

Version: 0.1.2.0
Check: line endings in Makefiles
Result: WARN
    Found the following Makefile(s) with CR or CRLF line endings:
     src/Makevars
    Some Unix 'make' programs require LF line endings.
Flavor: r-devel-windows-x86_64-gcc10-UCRT