Last updated on 2024-08-16 11:49:48 CEST.
Flavor | Version | Tinstall | Tcheck | Ttotal | Status | Flags |
---|---|---|---|---|---|---|
r-devel-linux-x86_64-debian-clang | 1.2.0 | 2.48 | 34.85 | 37.33 | NOTE | |
r-devel-linux-x86_64-debian-gcc | 1.2.0 | 1.81 | 25.91 | 27.72 | NOTE | |
r-devel-linux-x86_64-fedora-clang | 1.2.0 | 60.49 | NOTE | |||
r-devel-linux-x86_64-fedora-gcc | 1.2.0 | 70.70 | NOTE | |||
r-devel-windows-x86_64 | 1.2.0 | 3.00 | 56.00 | 59.00 | NOTE | |
r-patched-linux-x86_64 | 1.2.0 | 2.67 | 32.95 | 35.62 | NOTE | |
r-release-linux-x86_64 | 1.2.0 | 2.35 | 33.59 | 35.94 | NOTE | |
r-release-macos-arm64 | 1.2.0 | 26.00 | NOTE | |||
r-release-macos-x86_64 | 1.2.0 | 38.00 | NOTE | |||
r-release-windows-x86_64 | 1.2.0 | 3.00 | 56.00 | 59.00 | NOTE | |
r-oldrel-macos-arm64 | 1.2.0 | 26.00 | OK | |||
r-oldrel-macos-x86_64 | 1.2.0 | 43.00 | OK | |||
r-oldrel-windows-x86_64 | 1.2.0 | 3.00 | 60.00 | 63.00 | OK |
Version: 1.2.0
Check: Rd files
Result: NOTE
checkRd: (-1) hideLocation.Rd:10: Lost braces; missing escapes or markup?
10 | \item{trueLoc}{A vector of one or more numbers in the set {1, 2, ..., nSubjects} whose locations are to be hidden.}
| ^
checkRd: (-1) hideLocation.Rd:12: Lost braces; missing escapes or markup?
12 | \item{nSubjects}{An integer larger than 1 used to define the set {1, 2, ..., nSubjects}.}
| ^
Flavors: r-devel-linux-x86_64-debian-clang, r-devel-linux-x86_64-debian-gcc, r-devel-linux-x86_64-fedora-clang, r-devel-linux-x86_64-fedora-gcc, r-devel-windows-x86_64, r-patched-linux-x86_64, r-release-linux-x86_64, r-release-macos-arm64, r-release-macos-x86_64, r-release-windows-x86_64