Last updated on 2023-10-03 18:05:10 CEST.
Flavor | Version | Tinstall | Tcheck | Ttotal | Status | Flags |
---|---|---|---|---|---|---|
r-devel-linux-x86_64-debian-clang | 2.2 | 14.51 | 105.65 | 120.16 | OK | |
r-devel-linux-x86_64-debian-gcc | 2.2 | 11.52 | 80.59 | 92.11 | OK | |
r-devel-linux-x86_64-fedora-clang | 2.2 | 155.86 | NOTE | |||
r-devel-linux-x86_64-fedora-gcc | 2.2 | 146.84 | OK | |||
r-devel-windows-x86_64 | 2.2 | 12.00 | 94.00 | 106.00 | OK | |
r-patched-linux-x86_64 | 2.2 | 12.82 | 103.17 | 115.99 | OK | |
r-release-linux-x86_64 | 2.2 | 14.61 | 104.71 | 119.32 | OK | |
r-release-macos-arm64 | 2.2 | 48.00 | OK | |||
r-release-macos-x86_64 | 2.2 | 86.00 | OK | |||
r-release-windows-x86_64 | 2.2 | 14.00 | 103.00 | 117.00 | OK | |
r-oldrel-macos-arm64 | 2.2 | 81.00 | OK | |||
r-oldrel-macos-x86_64 | 2.2 | 127.00 | OK | |||
r-oldrel-windows-x86_64 | 2.2 | 15.00 | 109.00 | 124.00 | OK |
Version: 2.2
Check: Rd cross-references
Result: NOTE
Undeclared package ‘qrNLMM’ in Rd xrefs
Flavor: r-devel-linux-x86_64-fedora-clang