Last updated on 2024-03-28 17:49:38 CET.
Flavor | Version | Tinstall | Tcheck | Ttotal | Status | Flags |
---|---|---|---|---|---|---|
r-devel-linux-x86_64-debian-clang | 2.2 | 16.00 | 117.73 | 133.73 | OK | |
r-devel-linux-x86_64-debian-gcc | 2.2 | 12.48 | 86.04 | 98.52 | OK | |
r-devel-linux-x86_64-fedora-clang | 2.2 | 175.43 | NOTE | |||
r-devel-linux-x86_64-fedora-gcc | 2.2 | 172.35 | OK | |||
r-devel-windows-x86_64 | 2.2 | 10.00 | 88.00 | 98.00 | OK | |
r-patched-linux-x86_64 | 2.2 | 16.45 | 115.42 | 131.87 | OK | |
r-release-linux-x86_64 | 2.2 | 14.66 | 102.96 | 117.62 | OK | |
r-release-macos-arm64 | 2.2 | 48.00 | OK | |||
r-release-macos-x86_64 | 2.2 | 86.00 | OK | |||
r-release-windows-x86_64 | 2.2 | 13.00 | 104.00 | 117.00 | OK | |
r-oldrel-macos-arm64 | 2.2 | 81.00 | OK | |||
r-oldrel-windows-x86_64 | 2.2 | 13.00 | 116.00 | 129.00 | OK |
Version: 2.2
Check: Rd cross-references
Result: NOTE
Undeclared package ‘qrNLMM’ in Rd xrefs
Flavor: r-devel-linux-x86_64-fedora-clang