CRAN Package Check Results for Package qrencoder

Last updated on 2019-03-23 05:48:10 CET.

Flavor Version Tinstall Tcheck Ttotal Status Flags
r-devel-linux-x86_64-debian-clang 0.1.0 23.50 62.91 86.41 OK
r-devel-linux-x86_64-debian-gcc 0.1.0 17.55 50.35 67.90 OK
r-devel-linux-x86_64-fedora-clang 0.1.0 114.35 NOTE
r-devel-linux-x86_64-fedora-gcc 0.1.0 100.15 NOTE
r-devel-windows-ix86+x86_64 0.1.0 71.00 134.00 205.00 OK
r-patched-linux-x86_64 0.1.0 18.45 60.45 78.90 OK
r-patched-solaris-x86 0.1.0 132.60 OK
r-release-linux-x86_64 0.1.0 0.37 1.94 2.31 ERROR
r-release-windows-ix86+x86_64 0.1.0 45.00 103.00 148.00 OK
r-release-osx-x86_64 0.1.0 OK
r-oldrel-windows-ix86+x86_64 0.1.0 62.00 134.00 196.00 OK
r-oldrel-osx-x86_64 0.1.0 OK

Check Details

Version: 0.1.0
Check: compiled code
Result: NOTE
    File ‘qrencoder/libs/qrencoder.so’:
     Found no calls to: ‘R_registerRoutines’, ‘R_useDynamicSymbols’
    
    It is good practice to register native routines and to disable symbol
    search.
    
    See ‘Writing portable packages’ in the ‘Writing R Extensions’ manual.
Flavors: r-devel-linux-x86_64-fedora-clang, r-devel-linux-x86_64-fedora-gcc

Version: 0.1.0
Check: whether package can be installed
Result: ERROR
    Installation failed.
Flavor: r-release-linux-x86_64