Last updated on 2021-01-17 11:49:32 CET.
Flavor | Version | Tinstall | Tcheck | Ttotal | Status | Flags |
---|---|---|---|---|---|---|
r-devel-linux-x86_64-debian-clang | 0.1.0 | 28.37 | 75.72 | 104.09 | OK | |
r-devel-linux-x86_64-debian-gcc | 0.1.0 | 18.33 | 60.59 | 78.92 | OK | |
r-devel-linux-x86_64-fedora-clang | 0.1.0 | 138.88 | NOTE | |||
r-devel-linux-x86_64-fedora-gcc | 0.1.0 | 120.40 | NOTE | |||
r-devel-windows-ix86+x86_64 | 0.1.0 | 49.00 | 122.00 | 171.00 | OK | |
r-patched-linux-x86_64 | 0.1.0 | 19.78 | 70.82 | 90.60 | OK | |
r-patched-solaris-x86 | 0.1.0 | 158.20 | OK | |||
r-release-linux-x86_64 | 0.1.0 | 22.23 | 70.75 | 92.98 | OK | |
r-release-macos-x86_64 | 0.1.0 | OK | ||||
r-release-windows-ix86+x86_64 | 0.1.0 | 56.00 | 109.00 | 165.00 | OK | |
r-oldrel-macos-x86_64 | 0.1.0 | OK | ||||
r-oldrel-windows-ix86+x86_64 | 0.1.0 | 65.00 | 99.00 | 164.00 | OK |
Version: 0.1.0
Check: compiled code
Result: NOTE
File ‘qrencoder/libs/qrencoder.so’:
Found no calls to: ‘R_registerRoutines’, ‘R_useDynamicSymbols’
It is good practice to register native routines and to disable symbol
search.
See ‘Writing portable packages’ in the ‘Writing R Extensions’ manual.
Flavors: r-devel-linux-x86_64-fedora-clang, r-devel-linux-x86_64-fedora-gcc