Last updated on 2023-05-30 17:56:45 CEST.
Flavor | Version | Tinstall | Tcheck | Ttotal | Status | Flags |
---|---|---|---|---|---|---|
r-devel-linux-x86_64-debian-clang | 1.0.0 | 88.99 | 120.86 | 209.85 | NOTE | |
r-devel-linux-x86_64-debian-gcc | 1.0.0 | 62.36 | 90.74 | 153.10 | NOTE | |
r-devel-linux-x86_64-fedora-clang | 1.0.0 | 289.43 | NOTE | |||
r-devel-linux-x86_64-fedora-gcc | 1.0.0 | 270.99 | NOTE | |||
r-devel-windows-x86_64 | 1.0.0 | 65.00 | 125.00 | 190.00 | NOTE | |
r-patched-linux-x86_64 | 1.0.0 | 72.21 | 111.81 | 184.02 | NOTE | |
r-release-linux-x86_64 | 1.0.0 | 75.01 | 113.71 | 188.72 | NOTE | |
r-release-macos-arm64 | 1.0.0 | 72.00 | NOTE | |||
r-release-macos-x86_64 | 1.0.0 | 120.00 | NOTE | |||
r-release-windows-x86_64 | 1.0.0 | 85.00 | 148.00 | 233.00 | NOTE | |
r-oldrel-macos-arm64 | 1.0.0 | 65.00 | OK | |||
r-oldrel-macos-x86_64 | 1.0.0 | 91.00 | OK | |||
r-oldrel-windows-x86_64 | 1.0.0 | 89.00 | 143.00 | 232.00 | OK |
Version: 1.0.0
Check: C++ specification
Result: NOTE
Specified C++11: please drop specification unless essential
Flavors: r-devel-linux-x86_64-debian-clang, r-devel-linux-x86_64-debian-gcc, r-devel-linux-x86_64-fedora-clang, r-devel-linux-x86_64-fedora-gcc, r-devel-windows-x86_64, r-patched-linux-x86_64, r-release-linux-x86_64, r-release-macos-arm64, r-release-macos-x86_64, r-release-windows-x86_64