Last updated on 2023-03-26 17:49:51 CEST.
Flavor | Version | Tinstall | Tcheck | Ttotal | Status | Flags |
---|---|---|---|---|---|---|
r-devel-linux-x86_64-debian-clang | 1.4.3 | 92.26 | 121.32 | 213.58 | NOTE | |
r-devel-linux-x86_64-debian-gcc | 1.4.3 | 74.52 | 89.72 | 164.24 | NOTE | |
r-devel-linux-x86_64-fedora-clang | 1.4.3 | 294.19 | NOTE | |||
r-devel-linux-x86_64-fedora-gcc | 1.4.3 | 290.28 | NOTE | |||
r-patched-linux-x86_64 | 1.4.3 | 77.26 | 118.65 | 195.91 | NOTE | |
r-release-linux-x86_64 | 1.4.3 | 78.37 | 119.21 | 197.58 | NOTE | |
r-release-macos-arm64 | 1.4.3 | 69.00 | NOTE | |||
r-release-macos-x86_64 | 1.4.3 | 120.00 | NOTE | |||
r-release-windows-x86_64 | 1.4.3 | 97.00 | 174.00 | 271.00 | NOTE | |
r-oldrel-macos-arm64 | 1.4.3 | 77.00 | NOTE | |||
r-oldrel-macos-x86_64 | 1.4.3 | 98.00 | NOTE | |||
r-oldrel-windows-ix86+x86_64 | 1.4.3 | 203.00 | 282.00 | 485.00 | NOTE |
Version: 1.4.3
Check: LazyData
Result: NOTE
'LazyData' is specified without a 'data' directory
Flavors: r-devel-linux-x86_64-debian-clang, r-devel-linux-x86_64-debian-gcc, r-devel-linux-x86_64-fedora-clang, r-devel-linux-x86_64-fedora-gcc, r-patched-linux-x86_64, r-release-linux-x86_64, r-release-macos-arm64, r-release-macos-x86_64, r-release-windows-x86_64, r-oldrel-macos-arm64, r-oldrel-macos-x86_64, r-oldrel-windows-ix86+x86_64
Version: 1.4.3
Check: installed package size
Result: NOTE
installed size is 16.7Mb
sub-directories of 1Mb or more:
libs 16.4Mb
Flavors: r-release-macos-arm64, r-release-macos-x86_64, r-oldrel-macos-arm64, r-oldrel-macos-x86_64