CRAN Package Check Results for Package qtlnet

Last updated on 2021-07-27 11:51:14 CEST.

Flavor Version Tinstall Tcheck Ttotal Status Flags
r-devel-linux-x86_64-debian-clang 1.5.4 24.94 205.84 230.78 OK
r-devel-linux-x86_64-debian-gcc 1.5.4 20.21 151.05 171.26 OK
r-devel-linux-x86_64-fedora-clang 1.5.4 276.53 OK
r-devel-linux-x86_64-fedora-gcc 1.5.4 264.45 OK
r-devel-windows-x86_64 1.5.4 38.00 232.00 270.00 OK
r-devel-windows-x86_64-gcc10-UCRT 1.5.4 OK
r-patched-linux-x86_64 1.5.4 26.10 188.77 214.87 OK
r-patched-solaris-x86 1.5.4 369.20 OK
r-release-linux-x86_64 1.5.4 22.61 187.48 210.09 OK
r-release-macos-arm64 1.5.4 ERROR
r-release-macos-x86_64 1.5.4 OK
r-release-windows-ix86+x86_64 1.5.4 53.00 167.00 220.00 OK
r-oldrel-macos-x86_64 1.5.4 OK
r-oldrel-windows-ix86+x86_64 1.5.4 62.00 233.00 295.00 OK

Check Details

Version: 1.5.4
Check: package dependencies
Result: ERROR
    Package required but not available: ‘pcalg’
    
    See section ‘The DESCRIPTION file’ in the ‘Writing R Extensions’
    manual.
Flavor: r-release-macos-arm64