CRAN Package Check Results for Package qualV

Last updated on 2023-03-21 11:53:58 CET.

Flavor Version Tinstall Tcheck Ttotal Status Flags
r-devel-linux-x86_64-debian-clang 0.3-4 4.37 39.03 43.40 NOTE
r-devel-linux-x86_64-debian-gcc 0.3-4 3.13 28.38 31.51 NOTE
r-devel-linux-x86_64-fedora-clang 0.3-4 56.50 NOTE
r-devel-linux-x86_64-fedora-gcc 0.3-4 51.35 NOTE
r-patched-linux-x86_64 0.3-4 4.49 36.80 41.29 OK
r-release-linux-x86_64 0.3-4 3.88 36.62 40.50 OK
r-release-macos-arm64 0.3-4 18.00 OK
r-release-macos-x86_64 0.3-4 27.00 OK
r-release-windows-x86_64 0.3-4 22.00 68.00 90.00 OK
r-oldrel-macos-arm64 0.3-4 31.00 OK
r-oldrel-macos-x86_64 0.3-4 29.00 OK
r-oldrel-windows-ix86+x86_64 0.3-4 11.00 79.00 90.00 OK

Check Details

Version: 0.3-4
Check: Rd files
Result: NOTE
    checkRd: (-1) GRI.Rd:3: Escaped LaTeX specials: \&
Flavors: r-devel-linux-x86_64-debian-clang, r-devel-linux-x86_64-debian-gcc, r-devel-linux-x86_64-fedora-clang, r-devel-linux-x86_64-fedora-gcc