CRAN Package Check Results for Package qualitycontrol

Last updated on 2024-06-13 18:50:04 CEST.

Flavor Version Tinstall Tcheck Ttotal Status Flags
r-devel-linux-x86_64-debian-clang 0.1.0 5.75 62.74 68.49 NOTE
r-devel-linux-x86_64-debian-gcc 0.1.0 0.32 1.83 2.15 ERROR
r-devel-linux-x86_64-fedora-clang 0.1.0 87.28 NOTE
r-devel-linux-x86_64-fedora-gcc 0.1.0 94.92 NOTE
r-devel-windows-x86_64 0.1.0 5.00 64.00 69.00 NOTE
r-patched-linux-x86_64 0.1.0 5.46 59.98 65.44 NOTE
r-release-linux-x86_64 0.1.0 3.07 60.28 63.35 NOTE
r-release-macos-arm64 0.1.0 35.00 NOTE
r-release-macos-x86_64 0.1.0 51.00 NOTE
r-release-windows-x86_64 0.1.0 6.00 67.00 73.00 NOTE
r-oldrel-macos-arm64 0.1.0 37.00 OK
r-oldrel-macos-x86_64 0.1.0 53.00 OK
r-oldrel-windows-x86_64 0.1.0 7.00 74.00 81.00 OK

Check Details

Version: 0.1.0
Check: Rd files
Result: NOTE checkRd: (-1) als_data.Rd:10: Lost braces in \itemize; meant \describe ? checkRd: (-1) als_data.Rd:11: Lost braces in \itemize; meant \describe ? checkRd: (-1) als_data.Rd:12: Lost braces in \itemize; meant \describe ? checkRd: (-1) als_data.Rd:13: Lost braces in \itemize; meant \describe ? checkRd: (-1) als_data.Rd:14: Lost braces in \itemize; meant \describe ? checkRd: (-1) als_data.Rd:15: Lost braces in \itemize; meant \describe ? checkRd: (-1) als_data.Rd:16: Lost braces in \itemize; meant \describe ? checkRd: (-1) als_data.Rd:17: Lost braces in \itemize; meant \describe ? checkRd: (-1) als_data.Rd:18: Lost braces in \itemize; meant \describe ? checkRd: (-1) als_data.Rd:19: Lost braces in \itemize; meant \describe ? checkRd: (-1) als_data.Rd:20: Lost braces in \itemize; meant \describe ? checkRd: (-1) als_data.Rd:21: Lost braces in \itemize; meant \describe ? checkRd: (-1) als_data.Rd:22: Lost braces in \itemize; meant \describe ? checkRd: (-1) als_data.Rd:23: Lost braces in \itemize; meant \describe ? checkRd: (-1) als_data.Rd:24: Lost braces in \itemize; meant \describe ? checkRd: (-1) als_data.Rd:25: Lost braces in \itemize; meant \describe ? checkRd: (-1) als_data.Rd:26: Lost braces in \itemize; meant \describe ? checkRd: (-1) als_data.Rd:27: Lost braces in \itemize; meant \describe ? checkRd: (-1) als_data_qc_mapping.Rd:11: Lost braces in \itemize; meant \describe ? checkRd: (-1) als_data_qc_mapping.Rd:12: Lost braces in \itemize; meant \describe ? checkRd: (-1) als_data_qc_mapping.Rd:13: Lost braces in \itemize; meant \describe ? Flavors: r-devel-linux-x86_64-debian-clang, r-devel-linux-x86_64-fedora-clang, r-devel-linux-x86_64-fedora-gcc, r-devel-windows-x86_64, r-patched-linux-x86_64, r-release-linux-x86_64, r-release-macos-arm64, r-release-macos-x86_64, r-release-windows-x86_64

Version: 0.1.0
Check: package dependencies
Result: ERROR Packages required but not available: 'dplyr', 'stringr', 'janitor', 'readxl' Package suggested but not available for checking: ‘testthat’ See section ‘The DESCRIPTION file’ in the ‘Writing R Extensions’ manual. Flavor: r-devel-linux-x86_64-debian-gcc