Last updated on 2024-04-17 23:55:43 CEST.
Flavor | Version | Tinstall | Tcheck | Ttotal | Status | Flags |
---|---|---|---|---|---|---|
r-devel-linux-x86_64-debian-clang | 0.4.4 | 34.25 | 46.57 | 80.82 | NOTE | |
r-devel-linux-x86_64-debian-gcc | 0.4.4 | 24.19 | 34.83 | 59.02 | NOTE | |
r-devel-linux-x86_64-fedora-clang | 0.4.4 | 112.85 | NOTE | |||
r-devel-linux-x86_64-fedora-gcc | 0.4.4 | 118.07 | NOTE | |||
r-prerel-macos-arm64 | 0.4.4 | 37.00 | NOTE | |||
r-prerel-windows-x86_64 | 0.4.4 | 29.00 | 76.00 | 105.00 | NOTE | |
r-patched-linux-x86_64 | 0.4.4 | 27.94 | 45.06 | 73.00 | NOTE | |
r-release-linux-x86_64 | 0.4.4 | 36.09 | 43.68 | 79.77 | OK | |
r-release-macos-arm64 | 0.4.4 | 43.00 | OK | |||
r-release-macos-x86_64 | 0.4.4 | 83.00 | OK | |||
r-release-windows-x86_64 | 0.4.4 | 34.00 | 86.00 | 120.00 | OK | |
r-oldrel-macos-arm64 | 0.4.4 | 38.00 | OK | |||
r-oldrel-windows-x86_64 | 0.4.4 | 33.00 | 87.00 | 120.00 | OK |
Version: 0.4.4
Check: Rd files
Result: NOTE
checkRd: (-1) qualpal.Rd:22-28: Lost braces in \itemize; meant \describe ?
checkRd: (-1) qualpal.Rd:30-50: Lost braces in \itemize; meant \describe ?
Flavors: r-devel-linux-x86_64-debian-clang, r-devel-linux-x86_64-debian-gcc, r-devel-linux-x86_64-fedora-clang, r-devel-linux-x86_64-fedora-gcc, r-prerel-macos-arm64, r-prerel-windows-x86_64, r-patched-linux-x86_64