Last updated on 2023-03-26 12:03:26 CEST.
Flavor | Version | Tinstall | Tcheck | Ttotal | Status | Flags |
---|---|---|---|---|---|---|
r-devel-linux-x86_64-debian-clang | 0.4.3 | 29.45 | 42.55 | 72.00 | NOTE | |
r-devel-linux-x86_64-debian-gcc | 0.4.3 | 26.25 | 33.13 | 59.38 | NOTE | |
r-devel-linux-x86_64-fedora-clang | 0.4.3 | 116.26 | NOTE | |||
r-devel-linux-x86_64-fedora-gcc | 0.4.3 | 110.04 | NOTE | |||
r-patched-linux-x86_64 | 0.4.3 | 27.59 | 41.59 | 69.18 | NOTE | |
r-release-linux-x86_64 | 0.4.3 | 30.36 | 44.83 | 75.19 | NOTE | |
r-release-macos-arm64 | 0.4.3 | 33.00 | NOTE | |||
r-release-macos-x86_64 | 0.4.3 | 45.00 | NOTE | |||
r-release-windows-x86_64 | 0.4.3 | 46.00 | 96.00 | 142.00 | NOTE | |
r-oldrel-macos-arm64 | 0.4.3 | 35.00 | NOTE | |||
r-oldrel-macos-x86_64 | 0.4.3 | 52.00 | NOTE | |||
r-oldrel-windows-ix86+x86_64 | 0.4.3 | 90.00 | 98.00 | 188.00 | NOTE |
Version: 0.4.3
Check: C++ specification
Result: NOTE
Specified C++11: please drop specification unless essential
Flavors: r-devel-linux-x86_64-debian-clang, r-devel-linux-x86_64-debian-gcc, r-devel-linux-x86_64-fedora-clang, r-devel-linux-x86_64-fedora-gcc, r-patched-linux-x86_64
Version: 0.4.3
Check: LazyData
Result: NOTE
'LazyData' is specified without a 'data' directory
Flavors: r-devel-linux-x86_64-debian-clang, r-devel-linux-x86_64-debian-gcc, r-devel-linux-x86_64-fedora-clang, r-devel-linux-x86_64-fedora-gcc, r-patched-linux-x86_64, r-release-linux-x86_64, r-release-macos-arm64, r-release-macos-x86_64, r-release-windows-x86_64, r-oldrel-macos-arm64, r-oldrel-macos-x86_64, r-oldrel-windows-ix86+x86_64
Version: 0.4.3
Check: for GNU extensions in Makefiles
Result: NOTE
GNU make is a SystemRequirements.
Flavors: r-devel-linux-x86_64-debian-clang, r-devel-linux-x86_64-debian-gcc, r-devel-linux-x86_64-fedora-clang, r-devel-linux-x86_64-fedora-gcc, r-patched-linux-x86_64, r-release-linux-x86_64, r-release-macos-arm64, r-release-macos-x86_64, r-release-windows-x86_64, r-oldrel-macos-arm64, r-oldrel-macos-x86_64, r-oldrel-windows-ix86+x86_64