Last updated on 2023-09-26 01:06:31 CEST.
Flavor | Version | Tinstall | Tcheck | Ttotal | Status | Flags |
---|---|---|---|---|---|---|
r-devel-linux-x86_64-debian-clang | 3.1.7 | 8.54 | 80.66 | 89.20 | NOTE | |
r-devel-linux-x86_64-debian-gcc | 3.1.7 | 6.68 | 60.98 | 67.66 | NOTE | |
r-devel-linux-x86_64-fedora-clang | 3.1.7 | 109.54 | NOTE | |||
r-devel-linux-x86_64-fedora-gcc | 3.1.7 | 120.29 | NOTE | |||
r-devel-windows-x86_64 | 3.1.7 | 9.00 | 84.00 | 93.00 | NOTE | |
r-patched-linux-x86_64 | 3.1.7 | 8.99 | 73.98 | 82.97 | OK | |
r-release-linux-x86_64 | 3.1.7 | 5.42 | 73.45 | 78.87 | OK | |
r-release-macos-arm64 | 3.1.7 | 41.00 | OK | |||
r-release-macos-x86_64 | 3.1.7 | 61.00 | OK | |||
r-release-windows-x86_64 | 3.1.7 | 10.00 | 93.00 | 103.00 | OK | |
r-oldrel-macos-arm64 | 3.1.7 | 40.00 | OK | |||
r-oldrel-macos-x86_64 | 3.1.7 | 50.00 | OK | |||
r-oldrel-windows-x86_64 | 3.1.7 | 11.00 | 91.00 | 102.00 | OK |
Version: 3.1.7
Check: Rd \usage sections
Result: NOTE
Documented arguments not in \usage in documentation object 'export_responses_filedownload':
‘requestID’
Functions with \usage entries need to have the appropriate \alias
entries, and all their arguments documented.
The \usage entries must correspond to syntactically valid R code.
See chapter ‘Writing R documentation files’ in the ‘Writing R
Extensions’ manual.
Flavors: r-devel-linux-x86_64-debian-clang, r-devel-linux-x86_64-debian-gcc, r-devel-linux-x86_64-fedora-clang, r-devel-linux-x86_64-fedora-gcc, r-devel-windows-x86_64