CRAN Package Check Results for Package qualvar

Last updated on 2021-05-15 23:49:25 CEST.

Flavor Version Tinstall Tcheck Ttotal Status Flags
r-devel-linux-x86_64-debian-clang 0.2.0 1.84 33.28 35.12 OK
r-devel-linux-x86_64-debian-gcc 0.2.0 1.47 26.08 27.55 OK
r-devel-linux-x86_64-fedora-clang 0.2.0 53.04 OK
r-devel-linux-x86_64-fedora-gcc 0.2.0 41.89 OK
r-devel-windows-ix86+x86_64 0.2.0 5.00 37.00 42.00 OK
r-devel-windows-x86_64-gcc10-UCRT 0.2.0 OK
r-patched-linux-x86_64 0.2.0 1.91 32.46 34.37 OK
r-patched-solaris-x86 0.2.0 50.50 WARN
r-release-linux-x86_64 0.2.0 1.63 32.08 33.71 OK
r-release-macos-x86_64 0.2.0 WARN
r-release-windows-ix86+x86_64 0.2.0 5.00 60.00 65.00 OK
r-oldrel-macos-x86_64 0.2.0 WARN
r-oldrel-windows-ix86+x86_64 0.2.0 3.00 53.00 56.00 OK

Check Details

Version: 0.2.0
Check: re-building of vignette outputs
Result: WARN
    Error(s) in re-building vignettes:
     ...
    --- re-building ‘wilcox1973.Rmd’ using rmarkdown
    Warning in engine$weave(file, quiet = quiet, encoding = enc) :
     Pandoc (>= 1.12.3) not available. Falling back to R Markdown v1.
    Quitting from lines 92-106 (wilcox1973.Rmd)
    Error: processing vignette 'wilcox1973.Rmd' failed with diagnostics:
    there is no package called 'webshot'
    --- failed re-building ‘wilcox1973.Rmd’
    
    SUMMARY: processing the following file failed:
     ‘wilcox1973.Rmd’
    
    Error: Vignette re-building failed.
    Execution halted
Flavor: r-patched-solaris-x86

Version: 0.2.0
Check: re-building of vignette outputs
Result: WARN
    Error(s) in re-building vignettes:
     ...
    --- re-building ‘wilcox1973.Rmd’ using rmarkdown
    Warning in engine$weave(file, quiet = quiet, encoding = enc) :
     Pandoc (>= 1.12.3) and/or pandoc-citeproc not available. Falling back to R Markdown v1.
    Quitting from lines 92-106 (wilcox1973.Rmd)
    Error: processing vignette 'wilcox1973.Rmd' failed with diagnostics:
    cannot open the connection
    --- failed re-building ‘wilcox1973.Rmd’
    
    SUMMARY: processing the following file failed:
     ‘wilcox1973.Rmd’
    
    Error: Vignette re-building failed.
    Execution halted
Flavors: r-release-macos-x86_64, r-oldrel-macos-x86_64