CRAN Package Check Results for Package quanteda.textplots

Last updated on 2022-01-17 23:51:33 CET.

Flavor Version Tinstall Tcheck Ttotal Status Flags
r-devel-linux-x86_64-debian-clang 0.94 27.45 150.16 177.61 NOTE
r-devel-linux-x86_64-debian-gcc 0.94 19.66 112.92 132.58 NOTE
r-devel-linux-x86_64-fedora-clang 0.94 220.17 NOTE
r-devel-linux-x86_64-fedora-gcc 0.94 206.38 NOTE
r-devel-windows-x86_64-new-UL 0.94 257.00 193.00 450.00 NOTE
r-devel-windows-x86_64-new-TK 0.94 NOTE
r-patched-linux-x86_64 0.94 28.75 142.54 171.29 NOTE
r-release-linux-x86_64 0.94 NOTE
r-release-macos-arm64 0.94 NOTE
r-release-macos-x86_64 0.94 NOTE
r-release-windows-ix86+x86_64 0.94 64.00 262.00 326.00 NOTE
r-oldrel-macos-x86_64 0.94 OK
r-oldrel-windows-ix86+x86_64 0.94 65.00 264.00 329.00 OK

Check Details

Version: 0.94
Check: LazyData
Result: NOTE
     'LazyData' is specified without a 'data' directory
Flavors: r-devel-linux-x86_64-debian-clang, r-devel-linux-x86_64-debian-gcc, r-devel-linux-x86_64-fedora-clang, r-devel-linux-x86_64-fedora-gcc, r-devel-windows-x86_64-new-UL, r-devel-windows-x86_64-new-TK, r-patched-linux-x86_64, r-release-linux-x86_64, r-release-macos-arm64, r-release-macos-x86_64, r-release-windows-ix86+x86_64