CRAN Package Check Results for Package questionr

Last updated on 2021-10-16 05:51:33 CEST.

Flavor Version Tinstall Tcheck Ttotal Status Flags
r-devel-linux-x86_64-debian-clang 0.7.5 10.78 82.14 92.92 OK
r-devel-linux-x86_64-debian-gcc 0.7.5 7.02 61.81 68.83 OK
r-devel-linux-x86_64-fedora-clang 0.7.5 118.98 NOTE
r-devel-linux-x86_64-fedora-gcc 0.7.5 105.77 NOTE
r-devel-windows-x86_64 0.7.5 24.00 93.00 117.00 OK
r-devel-windows-x86_64-gcc10-UCRT 0.7.5 NOTE
r-patched-linux-x86_64 0.7.5 10.04 77.75 87.79 OK
r-patched-solaris-x86 0.7.5 146.00 NOTE
r-release-linux-x86_64 0.7.5 9.17 76.74 85.91 OK
r-release-macos-arm64 0.7.4 NOTE
r-release-macos-x86_64 0.7.5 NOTE
r-release-windows-ix86+x86_64 0.7.5 21.00 115.00 136.00 OK
r-oldrel-macos-x86_64 0.7.5 NOTE
r-oldrel-windows-ix86+x86_64 0.7.4 21.00 118.00 139.00 OK

Check Details

Version: 0.7.5
Check: data for non-ASCII characters
Result: NOTE
     Note: found 4145 marked UTF-8 strings
Flavors: r-devel-linux-x86_64-fedora-clang, r-devel-linux-x86_64-fedora-gcc, r-devel-windows-x86_64-gcc10-UCRT, r-patched-solaris-x86, r-release-macos-x86_64, r-oldrel-macos-x86_64

Version: 0.7.4
Check: data for non-ASCII characters
Result: NOTE
     Note: found 4145 marked UTF-8 strings
Flavor: r-release-macos-arm64