CRAN Package Check Results for Package questionr

Last updated on 2019-11-19 17:51:35 CET.

Flavor Version Tinstall Tcheck Ttotal Status Flags
r-devel-linux-x86_64-debian-clang 0.7.0 5.32 51.76 57.08 OK
r-devel-linux-x86_64-debian-gcc 0.7.0 4.04 41.53 45.57 OK
r-devel-linux-x86_64-fedora-clang 0.7.0 67.70 NOTE
r-devel-linux-x86_64-fedora-gcc 0.7.0 69.60 NOTE
r-devel-windows-ix86+x86_64 0.7.0 23.00 96.00 119.00 OK
r-devel-windows-ix86+x86_64-gcc8 0.7.0 16.00 67.00 83.00 OK
r-patched-linux-x86_64 0.7.0 4.57 48.25 52.82 OK
r-patched-solaris-x86 0.7.0 97.30 NOTE
r-release-linux-x86_64 0.7.0 5.45 49.13 54.58 OK
r-release-windows-ix86+x86_64 0.7.0 20.00 96.00 116.00 OK
r-release-osx-x86_64 0.7.0 NOTE
r-oldrel-windows-ix86+x86_64 0.7.0 9.00 97.00 106.00 OK
r-oldrel-osx-x86_64 0.7.0 NOTE

Check Details

Version: 0.7.0
Check: data for non-ASCII characters
Result: NOTE
     Note: found 4145 marked UTF-8 strings
Flavors: r-devel-linux-x86_64-fedora-clang, r-devel-linux-x86_64-fedora-gcc, r-patched-solaris-x86, r-release-osx-x86_64, r-oldrel-osx-x86_64