Last updated on 2023-12-11 05:52:04 CET.
Flavor | Version | Tinstall | Tcheck | Ttotal | Status | Flags |
---|---|---|---|---|---|---|
r-devel-linux-x86_64-debian-clang | 0.6.0 | 41.09 | 208.39 | 249.48 | OK | |
r-devel-linux-x86_64-debian-gcc | 0.6.0 | 27.66 | 155.91 | 183.57 | OK | |
r-devel-linux-x86_64-fedora-clang | 0.6.0 | 322.43 | NOTE | |||
r-devel-linux-x86_64-fedora-gcc | 0.6.0 | 316.95 | OK | |||
r-devel-windows-x86_64 | 0.6.0 | 36.00 | 196.00 | 232.00 | OK | |
r-patched-linux-x86_64 | 0.6.0 | 40.17 | 202.22 | 242.39 | OK | |
r-release-linux-x86_64 | 0.6.0 | 32.62 | 204.17 | 236.79 | OK | |
r-release-macos-arm64 | 0.6.0 | 89.00 | OK | |||
r-release-macos-x86_64 | 0.6.0 | 238.00 | OK | |||
r-release-windows-x86_64 | 0.6.0 | 44.00 | 247.00 | 291.00 | OK | |
r-oldrel-macos-arm64 | 0.6.0 | 96.00 | OK | |||
r-oldrel-macos-x86_64 | 0.5.2 | 113.00 | OK | |||
r-oldrel-windows-x86_64 | 0.6.0 | 43.00 | 235.00 | 278.00 | OK |
Version: 0.6.0
Check: Rd cross-references
Result: NOTE
Undeclared packages ‘Hmisc’, ‘htmlTable’ in Rd xrefs
Flavor: r-devel-linux-x86_64-fedora-clang